CRAN Package Check Results for Package DPP

Last updated on 2023-12-09 21:54:14 CET.

Flavor Version Tinstall Tcheck Ttotal Status Flags
r-devel-linux-x86_64-debian-clang 0.1.2 57.54 55.88 113.42 OK
r-devel-linux-x86_64-debian-gcc 0.1.2 42.62 42.53 85.15 OK
r-devel-linux-x86_64-fedora-clang 0.1.2 155.31 OK
r-devel-linux-x86_64-fedora-gcc 0.1.2 171.10 OK
r-devel-windows-x86_64 0.1.2 44.00 79.00 123.00 OK
r-patched-linux-x86_64 0.1.2 49.07 55.42 104.49 OK
r-release-linux-x86_64 0.1.2 49.99 53.78 103.77 OK
r-release-macos-arm64 0.1.2 49.00 NOTE
r-release-macos-x86_64 0.1.2 84.00 NOTE
r-release-windows-x86_64 0.1.2 58.00 95.00 153.00 OK
r-oldrel-macos-arm64 0.1.2 47.00 NOTE
r-oldrel-macos-x86_64 0.1.2 54.00 NOTE
r-oldrel-windows-x86_64 0.1.2 52.00 94.00 146.00 OK

Check Details

Version: 0.1.2
Check: installed package size
Result: NOTE installed size is 6.8Mb sub-directories of 1Mb or more: libs 6.3Mb Flavors: r-release-macos-arm64, r-release-macos-x86_64, r-oldrel-macos-arm64, r-oldrel-macos-x86_64