Last updated on 2021-01-23 20:46:47 CET.
Flavor | Version | Tinstall | Tcheck | Ttotal | Status | Flags |
---|---|---|---|---|---|---|
r-devel-linux-x86_64-debian-clang | 0.1.2 | 53.70 | 55.48 | 109.18 | OK | |
r-devel-linux-x86_64-debian-gcc | 0.1.2 | 41.51 | 42.45 | 83.96 | OK | |
r-devel-linux-x86_64-fedora-clang | 0.1.2 | 159.36 | NOTE | |||
r-devel-linux-x86_64-fedora-gcc | 0.1.2 | 148.62 | OK | |||
r-devel-windows-ix86+x86_64 | 0.1.2 | 123.00 | 109.00 | 232.00 | OK | |
r-patched-linux-x86_64 | 0.1.2 | 47.02 | 54.01 | 101.03 | OK | |
r-patched-solaris-x86 | 0.1.2 | 142.50 | OK | |||
r-release-linux-x86_64 | 0.1.2 | 47.11 | 53.50 | 100.61 | OK | |
r-release-macos-x86_64 | 0.1.2 | NOTE | ||||
r-release-windows-ix86+x86_64 | 0.1.2 | 103.00 | 112.00 | 215.00 | OK | |
r-oldrel-macos-x86_64 | 0.1.2 | NOTE | ||||
r-oldrel-windows-ix86+x86_64 | 0.1.2 | 104.00 | 89.00 | 193.00 | OK |
Version: 0.1.2
Check: installed package size
Result: NOTE
installed size is 6.5Mb
sub-directories of 1Mb or more:
libs 6.0Mb
Flavors: r-devel-linux-x86_64-fedora-clang, r-release-macos-x86_64, r-oldrel-macos-x86_64