CRAN Package Check Results for Package DR.SC

Last updated on 2022-09-27 11:51:11 CEST.

Flavor Version Tinstall Tcheck Ttotal Status Flags
r-devel-linux-x86_64-debian-clang 2.9 146.49 299.48 445.97 OK
r-devel-linux-x86_64-debian-gcc 2.9 121.69 223.09 344.78 OK
r-devel-linux-x86_64-fedora-clang 2.9 626.30 OK
r-devel-linux-x86_64-fedora-gcc 2.9 574.77 OK
r-devel-windows-x86_64 2.9 117.00 340.00 457.00 OK
r-patched-linux-x86_64 2.9 135.64 287.41 423.05 OK
r-release-linux-x86_64 2.9 130.66 285.42 416.08 OK
r-release-macos-arm64 2.9 140.00 NOTE
r-release-macos-x86_64 2.9 186.00 NOTE
r-release-windows-x86_64 2.9 118.00 339.00 457.00 OK
r-oldrel-macos-arm64 2.9 122.00 NOTE
r-oldrel-macos-x86_64 2.9 182.00 NOTE
r-oldrel-windows-ix86+x86_64 2.9 367.00 433.00 800.00 OK

Check Details

Version: 2.9
Check: installed package size
Result: NOTE
     installed size is 9.9Mb
     sub-directories of 1Mb or more:
     data 1.6Mb
     libs 8.0Mb
Flavors: r-release-macos-arm64, r-release-macos-x86_64, r-oldrel-macos-arm64, r-oldrel-macos-x86_64