CRAN Package Check Results for Package DRomics

Last updated on 2019-09-18 05:46:57 CEST.

Flavor Version Tinstall Tcheck Ttotal Status Flags
r-devel-linux-x86_64-debian-clang 2.0-1 37.23 521.59 558.82 OK
r-devel-linux-x86_64-debian-gcc 2.0-1 27.38 389.40 416.78 OK
r-devel-linux-x86_64-fedora-clang 2.0-1 624.27 OK
r-devel-linux-x86_64-fedora-gcc 2.0-1 626.52 OK
r-devel-windows-ix86+x86_64 2.0-1 100.00 628.00 728.00 OK
r-patched-linux-x86_64 1.0-2 4.88 79.15 84.03 OK
r-patched-solaris-x86 2.0-1 854.90 NOTE
r-release-linux-x86_64 2.0-1 32.70 480.45 513.15 OK
r-release-windows-ix86+x86_64 1.0-2 11.00 87.00 98.00 OK
r-release-osx-x86_64 2.0-1 ERROR
r-oldrel-windows-ix86+x86_64 2.0-1 50.00 492.00 542.00 OK
r-oldrel-osx-x86_64 2.0-1 OK

Check Details

Version: 2.0-1
Check: installed package size
Result: NOTE
     installed size is 5.2Mb
     sub-directories of 1Mb or more:
     DRomics-shiny 1.8Mb
     extdata 3.1Mb
Flavor: r-patched-solaris-x86

Version: 2.0-1
Check: package dependencies
Result: ERROR
    Packages required but not available: 'limma', 'DESeq2'
    
    See section ‘The DESCRIPTION file’ in the ‘Writing R Extensions’
    manual.
Flavor: r-release-osx-x86_64