CRAN Package Check Results for Package DSAIDE

Last updated on 2019-01-24 06:47:06 CET.

Flavor Version Tinstall Tcheck Ttotal Status Flags
r-devel-linux-x86_64-debian-clang 0.7.0 4.79 67.97 72.76 OK
r-devel-linux-x86_64-debian-gcc 0.7.0 3.58 51.12 54.70 OK
r-devel-linux-x86_64-fedora-clang 0.7.0 83.31 NOTE
r-devel-linux-x86_64-fedora-gcc 0.7.0 76.57 NOTE
r-devel-windows-ix86+x86_64 0.7.0 14.00 123.00 137.00 NOTE
r-patched-linux-x86_64 0.7.0 2.98 63.49 66.47 OK
r-patched-solaris-x86 0.7.0 117.60 NOTE
r-release-linux-x86_64 0.7.0 2.66 64.02 66.68 OK
r-release-windows-ix86+x86_64 0.7.0 9.00 76.00 85.00 NOTE
r-release-osx-x86_64 0.7.0 NOTE
r-oldrel-windows-ix86+x86_64 0.7.0 13.00 96.00 109.00 NOTE
r-oldrel-osx-x86_64 0.7.0 NOTE

Check Details

Version: 0.7.0
Check: installed package size
Result: NOTE
     installed size is 5.3Mb
     sub-directories of 1Mb or more:
     media 2.2Mb
     shinyapps 2.7Mb
Flavors: r-devel-linux-x86_64-fedora-clang, r-devel-windows-ix86+x86_64, r-patched-solaris-x86, r-release-windows-ix86+x86_64, r-release-osx-x86_64, r-oldrel-windows-ix86+x86_64, r-oldrel-osx-x86_64

Version: 0.7.0
Check: dependencies in R code
Result: NOTE
    Namespaces in Imports field not imported from:
     ‘knitr’ ‘rmarkdown’ ‘utils’
     All declared Imports should be used.
Flavors: r-devel-linux-x86_64-fedora-clang, r-devel-linux-x86_64-fedora-gcc, r-patched-solaris-x86, r-release-osx-x86_64, r-oldrel-osx-x86_64