CRAN Package Check Results for Package DSAIDE

Last updated on 2018-05-25 13:47:54 CEST.

Flavor Version Tinstall Tcheck Ttotal Status Flags
r-devel-linux-x86_64-debian-clang 0.6.0 3.28 46.43 49.71 OK
r-devel-linux-x86_64-debian-gcc 0.6.0 2.50 35.75 38.25 OK
r-devel-linux-x86_64-fedora-clang 0.6.0 59.43 OK
r-devel-linux-x86_64-fedora-gcc 0.6.0 56.66 OK
r-devel-windows-ix86+x86_64 0.6.0 10.00 62.00 72.00 OK
r-patched-linux-x86_64 0.6.0 2.85 45.83 48.68 OK
r-patched-solaris-x86 0.6.0 82.40 NOTE
r-release-linux-x86_64 0.6.0 2.47 45.06 47.53 OK
r-release-windows-ix86+x86_64 0.6.0 14.00 87.00 101.00 OK
r-release-osx-x86_64 0.6.0 OK
r-oldrel-windows-ix86+x86_64 0.6.0 11.00 62.00 73.00 OK
r-oldrel-osx-x86_64 0.6.0 OK

Check Details

Version: 0.6.0
Check: installed package size
Result: NOTE
     installed size is 5.7Mb
     sub-directories of 1Mb or more:
     shinyapps 5.4Mb
Flavor: r-patched-solaris-x86