CRAN Package Check Results for Package DSAIDE

Last updated on 2018-10-19 11:48:06 CEST.

Flavor Version Tinstall Tcheck Ttotal Status Flags
r-devel-linux-x86_64-debian-clang 0.7.0 4.82 69.19 74.01 OK
r-devel-linux-x86_64-debian-gcc 0.7.0 3.90 53.45 57.35 OK
r-devel-linux-x86_64-fedora-clang 0.7.0 85.02 NOTE
r-devel-linux-x86_64-fedora-gcc 0.7.0 81.99 NOTE
r-devel-windows-ix86+x86_64 0.7.0 12.00 118.00 130.00 NOTE
r-patched-linux-x86_64 0.7.0 4.56 62.83 67.39 OK
r-patched-solaris-x86 0.7.0 114.50 NOTE
r-release-linux-x86_64 0.7.0 2.92 62.85 65.77 OK
r-release-windows-ix86+x86_64 0.7.0 12.00 105.00 117.00 NOTE
r-release-osx-x86_64 0.7.0 NOTE
r-oldrel-windows-ix86+x86_64 0.7.0 9.00 78.00 87.00 NOTE
r-oldrel-osx-x86_64 0.7.0 NOTE

Check Details

Version: 0.7.0
Check: installed package size
Result: NOTE
     installed size is 5.3Mb
     sub-directories of 1Mb or more:
     media 2.2Mb
     shinyapps 2.7Mb
Flavors: r-devel-linux-x86_64-fedora-clang, r-devel-windows-ix86+x86_64, r-patched-solaris-x86, r-release-windows-ix86+x86_64, r-release-osx-x86_64, r-oldrel-windows-ix86+x86_64, r-oldrel-osx-x86_64

Version: 0.7.0
Check: dependencies in R code
Result: NOTE
    Namespaces in Imports field not imported from:
     ‘knitr’ ‘rmarkdown’ ‘utils’
     All declared Imports should be used.
Flavors: r-devel-linux-x86_64-fedora-clang, r-devel-linux-x86_64-fedora-gcc, r-patched-solaris-x86, r-release-osx-x86_64, r-oldrel-osx-x86_64