Last updated on 2022-06-26 12:54:45 CEST.
Flavor | Version | Tinstall | Tcheck | Ttotal | Status | Flags |
---|---|---|---|---|---|---|
r-devel-linux-x86_64-debian-clang | 0.9.3 | 10.94 | 179.06 | 190.00 | OK | |
r-devel-linux-x86_64-debian-gcc | 0.9.3 | 8.88 | 127.29 | 136.17 | OK | |
r-devel-linux-x86_64-fedora-clang | 0.9.3 | 229.69 | NOTE | |||
r-devel-linux-x86_64-fedora-gcc | 0.9.3 | 241.13 | OK | |||
r-devel-windows-x86_64 | 0.9.3 | 95.00 | 215.00 | 310.00 | NOTE | |
r-patched-linux-x86_64 | 0.9.3 | 9.52 | 167.81 | 177.33 | OK | |
r-release-linux-x86_64 | 0.9.3 | 9.05 | 167.83 | 176.88 | OK | |
r-release-macos-arm64 | 0.9.3 | 58.00 | NOTE | |||
r-release-macos-x86_64 | 0.9.3 | 90.00 | NOTE | |||
r-release-windows-x86_64 | 0.9.3 | 192.00 | 218.00 | 410.00 | NOTE | |
r-oldrel-macos-arm64 | 0.9.3 | 64.00 | NOTE | |||
r-oldrel-macos-x86_64 | 0.9.3 | 76.00 | NOTE | |||
r-oldrel-windows-ix86+x86_64 | 0.9.3 | 27.00 | 213.00 | 240.00 | NOTE |
Version: 0.9.3
Check: installed package size
Result: NOTE
installed size is 5.2Mb
sub-directories of 1Mb or more:
appinformation 4.1Mb
Flavors: r-devel-linux-x86_64-fedora-clang, r-devel-windows-x86_64, r-release-macos-arm64, r-release-macos-x86_64, r-release-windows-x86_64, r-oldrel-macos-arm64, r-oldrel-macos-x86_64, r-oldrel-windows-ix86+x86_64