CRAN Package Check Results for Package DSAIDE

Last updated on 2018-02-21 22:47:56 CET.

Flavor Version Tinstall Tcheck Ttotal Status Flags
r-devel-linux-x86_64-debian-clang 0.6.0 2.64 45.73 48.37 OK
r-devel-linux-x86_64-debian-gcc 0.6.0 2.27 34.82 37.09 OK
r-devel-linux-x86_64-fedora-clang 0.6.0 56.32 OK
r-devel-linux-x86_64-fedora-gcc 0.6.0 54.07 OK
r-devel-windows-ix86+x86_64 0.6.0 7.00 57.00 64.00 OK
r-patched-linux-x86_64 0.6.0 1.75 48.72 50.47 OK
r-patched-solaris-x86 0.6.0 74.70 NOTE
r-release-linux-x86_64 0.6.0 2.18 49.55 51.73 OK
r-release-windows-ix86+x86_64 0.6.0 11.00 81.00 92.00 OK
r-release-osx-x86_64 0.6.0 OK
r-oldrel-windows-ix86+x86_64 0.6.0 6.00 58.00 64.00 OK
r-oldrel-osx-x86_64 0.6.0 OK

Check Details

Version: 0.6.0
Check: installed package size
Result: NOTE
     installed size is 5.7Mb
     sub-directories of 1Mb or more:
     shinyapps 5.4Mb
Flavor: r-patched-solaris-x86