CRAN Package Check Results for Package DSAIDE

Last updated on 2018-08-15 08:48:40 CEST.

Flavor Version Tinstall Tcheck Ttotal Status Flags
r-devel-linux-x86_64-debian-clang 0.7.0 4.88 69.57 74.45 OK
r-devel-linux-x86_64-debian-gcc 0.7.0 3.31 52.13 55.44 OK
r-devel-linux-x86_64-fedora-clang 0.7.0 85.51 NOTE
r-devel-linux-x86_64-fedora-gcc 0.7.0 80.92 NOTE
r-devel-windows-ix86+x86_64 0.7.0 9.00 80.00 89.00 NOTE
r-patched-linux-x86_64 0.7.0 4.47 62.21 66.68 OK
r-patched-solaris-x86 0.7.0 113.00 NOTE
r-release-linux-x86_64 0.7.0 2.94 62.11 65.05 OK
r-release-windows-ix86+x86_64 0.7.0 10.00 86.00 96.00 NOTE
r-release-osx-x86_64 0.7.0 NOTE
r-oldrel-windows-ix86+x86_64 0.7.0 12.00 108.00 120.00 NOTE
r-oldrel-osx-x86_64 0.7.0 NOTE

Check Details

Version: 0.7.0
Check: installed package size
Result: NOTE
     installed size is 5.3Mb
     sub-directories of 1Mb or more:
     media 2.2Mb
     shinyapps 2.7Mb
Flavors: r-devel-linux-x86_64-fedora-clang, r-devel-windows-ix86+x86_64, r-patched-solaris-x86, r-release-windows-ix86+x86_64, r-release-osx-x86_64, r-oldrel-windows-ix86+x86_64, r-oldrel-osx-x86_64

Version: 0.7.0
Check: dependencies in R code
Result: NOTE
    Namespaces in Imports field not imported from:
     ‘knitr’ ‘rmarkdown’ ‘utils’
     All declared Imports should be used.
Flavors: r-devel-linux-x86_64-fedora-clang, r-devel-linux-x86_64-fedora-gcc, r-patched-solaris-x86, r-release-osx-x86_64, r-oldrel-osx-x86_64