CRAN Package Check Results for Package DSAIDE

Last updated on 2021-02-27 09:50:14 CET.

Flavor Version Tinstall Tcheck Ttotal Status Flags
r-devel-linux-x86_64-debian-clang 0.9.0 9.54 161.46 171.00 OK
r-devel-linux-x86_64-debian-gcc 0.9.0 8.68 114.46 123.14 OK
r-devel-linux-x86_64-fedora-clang 0.9.0 212.78 NOTE
r-devel-linux-x86_64-fedora-gcc 0.9.0 198.74 NOTE
r-devel-windows-ix86+x86_64 0.9.0 20.00 147.00 167.00 NOTE
r-patched-linux-x86_64 0.9.0 9.57 149.08 158.65 OK
r-patched-solaris-x86 0.9.0 253.00 NOTE
r-release-linux-x86_64 0.9.0 9.33 150.97 160.30 OK
r-release-macos-x86_64 0.9.0 NOTE
r-release-windows-ix86+x86_64 0.9.0 26.00 212.00 238.00 NOTE
r-oldrel-macos-x86_64 0.9.0 ERROR
r-oldrel-windows-ix86+x86_64 0.9.0 14.00 168.00 182.00 ERROR

Check Details

Version: 0.9.0
Check: installed package size
Result: NOTE
     installed size is 6.0Mb
     sub-directories of 1Mb or more:
     appinformation 4.0Mb
Flavors: r-devel-linux-x86_64-fedora-clang, r-devel-windows-ix86+x86_64, r-patched-solaris-x86, r-release-macos-x86_64, r-release-windows-ix86+x86_64, r-oldrel-macos-x86_64, r-oldrel-windows-ix86+x86_64

Version: 0.9.0
Check: dependencies in R code
Result: NOTE
    Namespace in Imports field not imported from: ‘tidyr’
     All declared Imports should be used.
Flavors: r-devel-linux-x86_64-fedora-clang, r-devel-linux-x86_64-fedora-gcc, r-patched-solaris-x86, r-release-macos-x86_64, r-oldrel-macos-x86_64

Version: 0.9.0
Check: tests
Result: ERROR
     Running ‘testthat.R’ [41s/41s]
    Running the tests in ‘tests/testthat.R’ failed.
    Last 13 lines of output:
     > library(DSAIDE)
     Loading required package: shiny
     Welcome to the DSAIDE package. Type dsaidemenu() to get started.
     >
     > test_check("DSAIDE")
     ══ Failed tests ════════════════════════════════════════════════════════════════
     ── Error (test-generate_shinyinput.R:21:13): generate_shinyinput correctly produces a shiny input structure ──
     Error: 'nchar()' requires a character vector
     Backtrace:
     █
     1. └─base::nchar(appsettings$simfunction2) test-generate_shinyinput.R:21:12
    
     [ FAIL 1 | WARN 0 | SKIP 0 | PASS 90 ]
     Error: Test failures
     Execution halted
Flavor: r-oldrel-macos-x86_64

Version: 0.9.0
Check: tests
Result: ERROR
     Running 'testthat.R' [58s]
    Running the tests in 'tests/testthat.R' failed.
    Complete output:
     > library(testthat)
     > library(DSAIDE)
     Loading required package: shiny
     Welcome to the DSAIDE package. Type dsaidemenu() to get started.
     >
     > test_check("DSAIDE")
     == Failed tests ================================================================
     -- Error (test-generate_shinyinput.R:21:13): generate_shinyinput correctly produces a shiny input structure --
     Error: 'nchar()' requires a character vector
     Backtrace:
     x
     1. \-base::nchar(appsettings$simfunction2) test-generate_shinyinput.R:21:12
    
     [ FAIL 1 | WARN 0 | SKIP 0 | PASS 90 ]
     Error: Test failures
     Execution halted
Flavor: r-oldrel-windows-ix86+x86_64