CRAN Package Check Results for Package DSjobtracker

Last updated on 2024-02-27 16:49:14 CET.

Flavor Version Tinstall Tcheck Ttotal Status Flags
r-devel-linux-x86_64-debian-clang 2.0.0 3.04 34.32 37.36 OK
r-devel-linux-x86_64-debian-gcc 2.0.0 2.06 27.56 29.62 OK
r-devel-linux-x86_64-fedora-clang 2.0.0 47.40 NOTE
r-devel-linux-x86_64-fedora-gcc 2.0.0 57.03 NOTE
r-devel-windows-x86_64 2.0.0 3.00 48.00 51.00 OK
r-patched-linux-x86_64 2.0.0 3.64 33.62 37.26 OK
r-release-linux-x86_64 2.0.0 2.70 33.08 35.78 OK
r-release-macos-arm64 2.0.0 43.00 OK
r-release-macos-x86_64 2.0.0 99.00 OK
r-release-windows-x86_64 2.0.0 4.00 54.00 58.00 OK
r-oldrel-macos-arm64 2.0.0 31.00 OK
r-oldrel-windows-x86_64 2.0.0 6.00 56.00 62.00 OK

Check Details

Version: 2.0.0
Check: data for non-ASCII characters
Result: NOTE Note: found 386 marked UTF-8 strings Flavors: r-devel-linux-x86_64-fedora-clang, r-devel-linux-x86_64-fedora-gcc