CRAN Package Check Results for Package DSsim

Last updated on 2018-02-25 23:50:18 CET.

Flavor Version Tinstall Tcheck Ttotal Status Flags
r-devel-linux-x86_64-debian-clang 1.1.2 9.63 131.38 141.01 OK
r-devel-linux-x86_64-debian-gcc 1.1.2 9.61 107.49 117.10 OK
r-devel-linux-x86_64-fedora-clang 1.1.2 192.57 NOTE
r-devel-linux-x86_64-fedora-gcc 1.1.2 191.21 NOTE
r-devel-windows-ix86+x86_64 1.1.2 24.00 192.00 216.00 OK
r-patched-linux-x86_64 1.1.2 6.26 156.19 162.45 OK
r-patched-solaris-x86 1.1.2 270.60 NOTE
r-release-linux-x86_64 1.1.2 5.95 151.26 157.21 OK
r-release-windows-ix86+x86_64 1.1.2 21.00 214.00 235.00 OK
r-release-osx-x86_64 1.1.2 NOTE
r-oldrel-windows-ix86+x86_64 1.1.2 11.00 159.00 170.00 OK
r-oldrel-osx-x86_64 1.1.2 NOTE

Check Details

Version: 1.1.2
Check: dependencies in R code
Result: NOTE
    Namespace in Imports field not imported from: ‘shapefiles’
     All declared Imports should be used.
Flavors: r-devel-linux-x86_64-fedora-clang, r-devel-linux-x86_64-fedora-gcc, r-patched-solaris-x86, r-release-osx-x86_64, r-oldrel-osx-x86_64