CRAN Package Check Results for Package DSsim

Last updated on 2018-05-26 14:46:25 CEST.

Flavor Version Tinstall Tcheck Ttotal Status Flags
r-devel-linux-x86_64-debian-clang 1.1.2 10.88 169.50 180.38 OK
r-devel-linux-x86_64-debian-gcc 1.1.2 12.42 123.96 136.38 OK
r-devel-linux-x86_64-fedora-clang 1.1.2 215.71 NOTE
r-devel-linux-x86_64-fedora-gcc 1.1.2 203.89 NOTE
r-devel-windows-ix86+x86_64 1.1.2 21.00 164.00 185.00 OK
r-patched-linux-x86_64 1.1.2 13.42 138.81 152.23 OK
r-patched-solaris-x86 1.1.2 268.50 NOTE
r-release-linux-x86_64 1.1.2 11.92 138.08 150.00 OK
r-release-windows-ix86+x86_64 1.1.2 25.00 194.00 219.00 OK
r-release-osx-x86_64 1.1.2 NOTE
r-oldrel-windows-ix86+x86_64 1.1.2 17.00 164.00 181.00 OK
r-oldrel-osx-x86_64 1.1.2 NOTE

Check Details

Version: 1.1.2
Check: dependencies in R code
Result: NOTE
    Namespace in Imports field not imported from: ‘shapefiles’
     All declared Imports should be used.
Flavors: r-devel-linux-x86_64-fedora-clang, r-devel-linux-x86_64-fedora-gcc, r-patched-solaris-x86, r-release-osx-x86_64, r-oldrel-osx-x86_64