CRAN Package Check Results for Package DSsim

Last updated on 2018-11-17 06:46:39 CET.

Flavor Version Tinstall Tcheck Ttotal Status Flags
r-devel-linux-x86_64-debian-clang 1.1.3 10.50 142.95 153.45 OK
r-devel-linux-x86_64-debian-gcc 1.1.3 9.05 107.09 116.14 OK
r-devel-linux-x86_64-fedora-clang 1.1.3 204.94 NOTE
r-devel-linux-x86_64-fedora-gcc 1.1.3 176.57 NOTE
r-devel-windows-ix86+x86_64 1.1.3 24.00 180.00 204.00 OK
r-patched-linux-x86_64 1.1.3 11.72 130.53 142.25 OK
r-patched-solaris-x86 1.1.3 248.00 NOTE
r-release-linux-x86_64 1.1.3 11.77 129.94 141.71 OK
r-release-windows-ix86+x86_64 1.1.3 24.00 189.00 213.00 OK
r-release-osx-x86_64 1.1.3 NOTE
r-oldrel-windows-ix86+x86_64 1.1.3 19.00 199.00 218.00 OK
r-oldrel-osx-x86_64 1.1.3 NOTE

Check Details

Version: 1.1.3
Check: dependencies in R code
Result: NOTE
    Namespace in Imports field not imported from: ‘shapefiles’
     All declared Imports should be used.
Flavors: r-devel-linux-x86_64-fedora-clang, r-devel-linux-x86_64-fedora-gcc, r-patched-solaris-x86, r-release-osx-x86_64, r-oldrel-osx-x86_64