CRAN Package Check Results for Package DSsim

Last updated on 2018-08-19 07:47:17 CEST.

Flavor Version Tinstall Tcheck Ttotal Status Flags
r-devel-linux-x86_64-debian-clang 1.1.3 14.32 163.59 177.91 OK
r-devel-linux-x86_64-debian-gcc 1.1.3 11.19 124.18 135.37 OK
r-devel-linux-x86_64-fedora-clang 1.1.3 205.61 NOTE
r-devel-linux-x86_64-fedora-gcc 1.1.3 200.41 NOTE
r-devel-windows-ix86+x86_64 1.1.3 31.00 201.00 232.00 OK
r-patched-linux-x86_64 1.1.3 11.10 134.40 145.50 OK
r-patched-solaris-x86 1.1.3 253.20 NOTE
r-release-linux-x86_64 1.1.3 12.10 133.29 145.39 OK
r-release-windows-ix86+x86_64 1.1.3 27.00 184.00 211.00 OK
r-release-osx-x86_64 1.1.3 NOTE
r-oldrel-windows-ix86+x86_64 1.1.3 15.00 200.00 215.00 OK
r-oldrel-osx-x86_64 1.1.3 NOTE

Check Details

Version: 1.1.3
Check: dependencies in R code
Result: NOTE
    Namespace in Imports field not imported from: ‘shapefiles’
     All declared Imports should be used.
Flavors: r-devel-linux-x86_64-fedora-clang, r-devel-linux-x86_64-fedora-gcc, r-patched-solaris-x86, r-release-osx-x86_64, r-oldrel-osx-x86_64