CRAN Package Check Results for Package DStree

Last updated on 2018-12-18 14:47:16 CET.

Flavor Version Tinstall Tcheck Ttotal Status Flags
r-devel-linux-x86_64-debian-clang 1.0 34.59 86.07 120.66 NOTE
r-devel-linux-x86_64-debian-gcc 1.0 28.24 66.44 94.68 NOTE
r-devel-linux-x86_64-fedora-clang 1.0 170.32 NOTE
r-devel-linux-x86_64-fedora-gcc 1.0 145.82 NOTE
r-devel-windows-ix86+x86_64 1.0 61.00 171.00 232.00 NOTE
r-patched-linux-x86_64 1.0 41.58 80.51 122.09 NOTE
r-patched-solaris-x86 1.0 197.00 NOTE
r-release-linux-x86_64 1.0 38.06 80.45 118.51 NOTE
r-release-windows-ix86+x86_64 1.0 96.00 178.00 274.00 NOTE
r-release-osx-x86_64 1.0 NOTE
r-oldrel-windows-ix86+x86_64 1.0 99.00 187.00 286.00 NOTE
r-oldrel-osx-x86_64 1.0 NOTE

Additional issues

clang-UBSAN

Check Details

Version: 1.0
Check: R code for possible problems
Result: NOTE
    DStree: no visible global function definition for ‘model.frame’
    DStree: no visible global function definition for ‘model.matrix’
    DStree: no visible global function definition for ‘model.response’
    DStree: no visible global function definition for ‘as.formula’
    bag: no visible global function definition for ‘model.frame’
    bag: no visible global function definition for ‘model.response’
    plot.DStree: no visible global function definition for ‘par’
    plot.DStree: no visible global function definition for ‘plot’
    plot.DStree: no visible global function definition for ‘rainbow’
    plot.DStree: no visible global function definition for ‘lines’
    plot.DStree: no visible global function definition for ‘legend’
    predict.DStree: no visible global function definition for ‘predict’
    print.DStree: no visible global function definition for ‘naprint’
    prune.DStree: no visible global function definition for ‘median’
    prune.DStree: no visible global function definition for ‘predict’
    prune.DStree: no visible binding for global variable ‘var’
    summ.MAE: no visible global function definition for ‘predict’
    summary.DStree: no visible global function definition for ‘naprint’
    Undefined global functions or variables:
     as.formula legend lines median model.frame model.matrix
     model.response naprint par plot predict rainbow var
    Consider adding
     importFrom("grDevices", "rainbow")
     importFrom("graphics", "legend", "lines", "par", "plot")
     importFrom("stats", "as.formula", "median", "model.frame",
     "model.matrix", "model.response", "naprint", "predict",
     "var")
    to your NAMESPACE file.
Flavors: r-devel-linux-x86_64-debian-clang, r-devel-linux-x86_64-debian-gcc, r-devel-linux-x86_64-fedora-clang, r-devel-linux-x86_64-fedora-gcc, r-devel-windows-ix86+x86_64, r-patched-linux-x86_64, r-patched-solaris-x86, r-release-linux-x86_64, r-release-windows-ix86+x86_64, r-release-osx-x86_64, r-oldrel-windows-ix86+x86_64, r-oldrel-osx-x86_64

Version: 1.0
Check: compiled code
Result: NOTE
    File ‘DStree/libs/DStree.so’:
     Found no calls to: ‘R_registerRoutines’, ‘R_useDynamicSymbols’
    
    It is good practice to register native routines and to disable symbol
    search.
    
    See ‘Writing portable packages’ in the ‘Writing R Extensions’ manual.
Flavors: r-devel-linux-x86_64-fedora-clang, r-devel-linux-x86_64-fedora-gcc

Version: 1.0
Check: DESCRIPTION meta-information
Result: NOTE
    NeedsCompilation field should likely be 'yes'
Flavors: r-devel-windows-ix86+x86_64, r-release-windows-ix86+x86_64, r-oldrel-windows-ix86+x86_64