CRAN Package Check Results for Package DSviaDRM

Last updated on 2018-08-22 06:46:44 CEST.

Flavor Version Tinstall Tcheck Ttotal Status Flags
r-devel-linux-x86_64-debian-clang 1.0 3.06 37.11 40.17 NOTE
r-devel-linux-x86_64-debian-gcc 1.0 3.07 28.89 31.96 NOTE
r-devel-linux-x86_64-fedora-clang 1.0 47.83 NOTE
r-devel-linux-x86_64-fedora-gcc 1.0 47.50 NOTE
r-devel-windows-ix86+x86_64 1.0 6.00 44.00 50.00 NOTE
r-patched-linux-x86_64 1.0 3.36 34.60 37.96 NOTE
r-patched-solaris-x86 1.0 77.50 NOTE
r-release-linux-x86_64 1.0 2.49 34.56 37.05 NOTE
r-release-windows-ix86+x86_64 1.0 8.00 43.00 51.00 NOTE
r-release-osx-x86_64 1.0 NOTE
r-oldrel-windows-ix86+x86_64 1.0 4.00 44.00 48.00 NOTE
r-oldrel-osx-x86_64 1.0 NOTE

Check Details

Version: 1.0
Check: R code for possible problems
Result: NOTE
    DCEA: no visible global function definition for ‘p.adjust’
    DS: no visible global function definition for ‘p.adjust’
    DS: no visible global function definition for ‘pdf’
    DS: no visible global function definition for ‘plot’
    DS: no visible global function definition for ‘dev.off’
    LFC: no visible global function definition for ‘glm’
    LFC: no visible global function definition for ‘predict’
    PartialCor: no visible global function definition for ‘na.omit’
    comDCGLplot: no visible global function definition for ‘pdf’
    comDCGLplot: no visible global function definition for ‘plot’
    comDCGLplot: no visible global function definition for ‘dev.off’
    percentLinkfilter: no visible global function definition for ‘cor’
    qLinkfilter: no visible global function definition for ‘cor’
    qLinkfilter: no visible global function definition for ‘pt’
    qLinkfilter: no visible global function definition for ‘p.adjust’
    rLinkfilter: no visible global function definition for ‘cor’
    varianceBasedfilter: no visible binding for global variable ‘var’
    varianceBasedfilter: no visible global function definition for ‘median’
    varianceBasedfilter: no visible global function definition for ‘pchisq’
    Undefined global functions or variables:
     cor dev.off glm median na.omit p.adjust pchisq pdf plot predict pt
     var
    Consider adding
     importFrom("grDevices", "dev.off", "pdf")
     importFrom("graphics", "plot")
     importFrom("stats", "cor", "glm", "median", "na.omit", "p.adjust",
     "pchisq", "predict", "pt", "var")
    to your NAMESPACE file.
Flavors: r-devel-linux-x86_64-debian-clang, r-devel-linux-x86_64-debian-gcc, r-devel-linux-x86_64-fedora-clang, r-devel-linux-x86_64-fedora-gcc, r-devel-windows-ix86+x86_64, r-patched-linux-x86_64, r-patched-solaris-x86, r-release-linux-x86_64, r-release-windows-ix86+x86_64, r-release-osx-x86_64, r-oldrel-windows-ix86+x86_64, r-oldrel-osx-x86_64