CRAN Package Check Results for Package DT

Last updated on 2023-09-29 07:55:15 CEST.

Flavor Version Tinstall Tcheck Ttotal Status Flags
r-devel-linux-x86_64-debian-clang 0.29 6.83 46.60 53.43 OK
r-devel-linux-x86_64-debian-gcc 0.29 4.61 36.25 40.86 OK
r-devel-linux-x86_64-fedora-clang 0.29 66.14 NOTE
r-devel-linux-x86_64-fedora-gcc 0.29 75.82 OK
r-devel-windows-x86_64 0.29 9.00 59.00 68.00 NOTE
r-patched-linux-x86_64 0.29 13.13 44.91 58.04 OK
r-release-linux-x86_64 0.29 5.38 45.09 50.47 OK
r-release-macos-arm64 0.29 32.00 NOTE
r-release-macos-x86_64 0.29 62.00 NOTE
r-release-windows-x86_64 0.29 10.00 62.00 72.00 NOTE
r-oldrel-macos-arm64 0.29 28.00 NOTE
r-oldrel-macos-x86_64 0.29 44.00 NOTE
r-oldrel-windows-x86_64 0.29 11.00 62.00 73.00 NOTE

Check Details

Version: 0.29
Check: installed package size
Result: NOTE
     installed size is 5.9Mb
     sub-directories of 1Mb or more:
     htmlwidgets 5.0Mb
Flavors: r-devel-linux-x86_64-fedora-clang, r-devel-windows-x86_64, r-release-macos-arm64, r-release-macos-x86_64, r-release-windows-x86_64, r-oldrel-macos-arm64, r-oldrel-macos-x86_64, r-oldrel-windows-x86_64