CRAN Package Check Results for Package DT

Last updated on 2018-02-23 10:48:12 CET.

Flavor Version Tinstall Tcheck Ttotal Status Flags
r-devel-linux-x86_64-debian-clang 0.4 3.20 28.90 32.10 OK
r-devel-linux-x86_64-debian-gcc 0.4 2.47 24.21 26.68 OK
r-devel-linux-x86_64-fedora-clang 0.4 39.67 OK
r-devel-linux-x86_64-fedora-gcc 0.4 40.91 OK
r-devel-windows-ix86+x86_64 0.4 11.00 58.00 69.00 OK
r-patched-linux-x86_64 0.4 1.89 31.71 33.60 OK
r-patched-solaris-x86 0.4 52.10 OK
r-release-linux-x86_64 0.4 1.88 31.60 33.48 OK
r-release-windows-ix86+x86_64 0.4 12.00 63.00 75.00 OK
r-release-osx-x86_64 0.4 OK
r-oldrel-windows-ix86+x86_64 0.4 7.00 42.00 49.00 OK
r-oldrel-osx-x86_64 0.2 WARN

Check Details

Version: 0.2
Check: re-building of vignette outputs
Result: WARN
    Error in re-building vignettes:
     ...
    Warning in (if (grepl("\\.[Rr]md$", file)) knit2html else if (grepl("\\.[Rr]rst$", :
     It seems you should call rmarkdown::render() instead of knitr::knit2html() because DT.Rmd appears to be an R Markdown v2 document.
    Quitting from lines 23-25 (DT.Rmd)
    Error: processing vignette 'DT.Rmd' failed with diagnostics:
    cannot open the connection
    Execution halted
Flavor: r-oldrel-osx-x86_64