CRAN Package Check Results for Package DTRreg

Last updated on 2022-08-17 16:48:45 CEST.

Flavor Version Tinstall Tcheck Ttotal Status Flags
r-devel-linux-x86_64-debian-clang 1.7 7.82 73.24 81.06 NOTE
r-devel-linux-x86_64-debian-gcc 1.7 NOTE
r-devel-linux-x86_64-fedora-clang 1.7 105.64 NOTE
r-devel-linux-x86_64-fedora-gcc 1.7 105.09 NOTE
r-devel-windows-x86_64 1.7 12.00 94.00 106.00 NOTE
r-patched-linux-x86_64 1.7 8.04 70.78 78.82 NOTE
r-release-linux-x86_64 1.7 6.55 68.95 75.50 NOTE
r-release-macos-arm64 1.7 31.00 NOTE
r-release-macos-x86_64 1.7 60.00 NOTE
r-release-windows-x86_64 1.7 12.00 96.00 108.00 NOTE
r-oldrel-macos-arm64 1.7 35.00 NOTE
r-oldrel-macos-x86_64 1.7 52.00 NOTE
r-oldrel-windows-ix86+x86_64 1.7 16.00 101.00 117.00 NOTE

Check Details

Version: 1.7
Check: LazyData
Result: NOTE
     'LazyData' is specified without a 'data' directory
Flavors: r-devel-linux-x86_64-debian-clang, r-devel-linux-x86_64-debian-gcc, r-devel-linux-x86_64-fedora-clang, r-devel-linux-x86_64-fedora-gcc, r-devel-windows-x86_64, r-patched-linux-x86_64, r-release-linux-x86_64, r-release-macos-arm64, r-release-macos-x86_64, r-release-windows-x86_64, r-oldrel-macos-arm64, r-oldrel-macos-x86_64, r-oldrel-windows-ix86+x86_64