Last updated on 2022-07-05 01:52:09 CEST.
Flavor | Version | Tinstall | Tcheck | Ttotal | Status | Flags |
---|---|---|---|---|---|---|
r-devel-linux-x86_64-debian-clang | 1.2.0 | 7.41 | 255.02 | 262.43 | OK | |
r-devel-linux-x86_64-debian-gcc | 1.2.0 | 7.50 | 193.04 | 200.54 | OK | |
r-devel-linux-x86_64-fedora-clang | 1.2.0 | 322.89 | WARN | |||
r-devel-linux-x86_64-fedora-gcc | 1.2.0 | 331.43 | WARN | |||
r-devel-windows-x86_64 | 1.2.0 | 21.00 | 294.00 | 315.00 | OK | |
r-patched-linux-x86_64 | 1.2.0 | 6.87 | 249.17 | 256.04 | OK | |
r-release-linux-x86_64 | 1.2.0 | 7.39 | 252.19 | 259.58 | OK | |
r-release-macos-arm64 | 1.2.0 | 133.00 | OK | |||
r-release-macos-x86_64 | 1.2.0 | 181.00 | OK | |||
r-release-windows-x86_64 | 1.2.0 | 23.00 | 287.00 | 310.00 | OK | |
r-oldrel-macos-arm64 | 1.2.0 | 127.00 | OK | |||
r-oldrel-macos-x86_64 | 1.2.0 | 157.00 | OK | |||
r-oldrel-windows-ix86+x86_64 | 1.2.0 | 23.00 | 312.00 | 335.00 | OK |
Version: 1.2.0
Check: package dependencies
Result: WARN
Requires (indirectly) orphaned package: ‘gtools’
Flavors: r-devel-linux-x86_64-fedora-clang, r-devel-linux-x86_64-fedora-gcc