CRAN Package Check Results for Package DatAssim

Last updated on 2024-07-25 04:49:50 CEST.

Flavor Version Tinstall Tcheck Ttotal Status Flags
r-devel-linux-x86_64-debian-clang 1.0 25.92 27.32 53.24 NOTE
r-devel-linux-x86_64-debian-gcc 1.0 16.08 20.34 36.42 NOTE
r-devel-linux-x86_64-fedora-clang 1.0 87.57 NOTE
r-devel-linux-x86_64-fedora-gcc 1.0 73.64 NOTE
r-devel-windows-x86_64 1.0 24.00 62.00 86.00 NOTE
r-patched-linux-x86_64 1.0 28.37 26.07 54.44 NOTE
r-release-linux-x86_64 1.0 21.45 25.47 46.92 NOTE
r-release-macos-arm64 1.0 25.00 NOTE
r-release-macos-x86_64 1.0 41.00 NOTE
r-release-windows-x86_64 1.0 28.00 116194.00 116222.00 NOTE
r-oldrel-macos-arm64 1.0 26.00 NOTE
r-oldrel-macos-x86_64 1.0 42.00 NOTE
r-oldrel-windows-x86_64 1.0 29.00 70.00 99.00 NOTE

Check Details

Version: 1.0
Check: LazyData
Result: NOTE 'LazyData' is specified without a 'data' directory Flavors: r-devel-linux-x86_64-debian-clang, r-devel-linux-x86_64-debian-gcc, r-devel-linux-x86_64-fedora-clang, r-devel-linux-x86_64-fedora-gcc, r-devel-windows-x86_64, r-patched-linux-x86_64, r-release-linux-x86_64, r-release-macos-arm64, r-release-macos-x86_64, r-release-windows-x86_64, r-oldrel-macos-arm64, r-oldrel-macos-x86_64, r-oldrel-windows-x86_64