CRAN Package Check Results for Package DatAssim

Last updated on 2024-03-04 18:54:56 CET.

Flavor Version Tinstall Tcheck Ttotal Status Flags
r-devel-linux-x86_64-debian-clang 1.0 33.26 26.18 59.44 NOTE
r-devel-linux-x86_64-debian-gcc 1.0 27.52 20.51 48.03 NOTE
r-devel-linux-x86_64-fedora-clang 1.0 86.12 NOTE
r-devel-linux-x86_64-fedora-gcc 1.0 84.44 NOTE
r-devel-windows-x86_64 1.0 27.00 64.00 91.00 NOTE
r-patched-linux-x86_64 1.0 29.02 25.77 54.79 NOTE
r-release-linux-x86_64 1.0 27.32 25.84 53.16 NOTE
r-release-macos-arm64 1.0 26.00 NOTE
r-release-macos-x86_64 1.0 42.00 NOTE
r-release-windows-x86_64 1.0 27.00 72.00 99.00 NOTE
r-oldrel-macos-arm64 1.0 25.00 NOTE
r-oldrel-windows-x86_64 1.0 32.00 65.00 97.00 NOTE

Check Details

Version: 1.0
Check: LazyData
Result: NOTE 'LazyData' is specified without a 'data' directory Flavors: r-devel-linux-x86_64-debian-clang, r-devel-linux-x86_64-debian-gcc, r-devel-linux-x86_64-fedora-clang, r-devel-linux-x86_64-fedora-gcc, r-devel-windows-x86_64, r-patched-linux-x86_64, r-release-linux-x86_64, r-release-macos-arm64, r-release-macos-x86_64, r-release-windows-x86_64, r-oldrel-macos-arm64, r-oldrel-windows-x86_64