CRAN Package Check Results for Package DataExplorer

Last updated on 2018-05-28 01:46:27 CEST.

Flavor Version Tinstall Tcheck Ttotal Status Flags
r-devel-linux-x86_64-debian-clang 0.5.0 3.29 280.16 283.45 OK
r-devel-linux-x86_64-debian-gcc 0.5.0 2.64 197.42 200.06 OK
r-devel-linux-x86_64-fedora-clang 0.5.0 368.29 OK
r-devel-linux-x86_64-fedora-gcc 0.5.0 328.81 OK
r-devel-windows-ix86+x86_64 0.5.0 7.00 236.00 243.00 OK
r-patched-linux-x86_64 0.5.0 3.49 263.88 267.37 OK
r-patched-solaris-x86 0.5.0 119.30 WARN
r-release-linux-x86_64 0.5.0 3.62 264.89 268.51 OK
r-release-windows-ix86+x86_64 0.5.0 9.00 313.00 322.00 OK
r-release-osx-x86_64 0.5.0 WARN
r-oldrel-windows-ix86+x86_64 0.5.0 11.00 245.00 256.00 OK
r-oldrel-osx-x86_64 0.5.0 WARN

Check Details

Version: 0.5.0
Check: re-building of vignette outputs
Result: WARN
    Error in re-building vignettes:
     ...
    Warning in engine$weave(file, quiet = quiet, encoding = enc) :
     Pandoc (>= 1.12.3) and/or pandoc-citeproc not available. Falling back to R Markdown v1.
    Quitting from lines 57-68 (dataexplorer-intro.Rmd)
    Error: processing vignette 'dataexplorer-intro.Rmd' failed with diagnostics:
    there is no package called 'webshot'
    Execution halted
Flavor: r-patched-solaris-x86

Version: 0.5.0
Check: re-building of vignette outputs
Result: WARN
    Error in re-building vignettes:
     ...
    Warning in engine$weave(file, quiet = quiet, encoding = enc) :
     Pandoc (>= 1.12.3) and/or pandoc-citeproc not available. Falling back to R Markdown v1.
    Warning in normalizePath(f2) :
     path[1]="./webshota85b6d14dca4.png": No such file or directory
    Warning in file(con, "rb") :
     cannot open file './webshota85b6d14dca4.png': No such file or directory
    Quitting from lines 57-68 (dataexplorer-intro.Rmd)
    Error: processing vignette 'dataexplorer-intro.Rmd' failed with diagnostics:
    cannot open the connection
    Execution halted
Flavor: r-release-osx-x86_64

Version: 0.5.0
Check: re-building of vignette outputs
Result: WARN
    Error in re-building vignettes:
     ...
    Warning in engine$weave(file, quiet = quiet, encoding = enc) :
     Pandoc (>= 1.12.3) and/or pandoc-citeproc not available. Falling back to R Markdown v1.
    Warning in normalizePath(f2) :
     path[1]="./webshot27ca156c5aa1.png": No such file or directory
    Warning in file(con, "rb") :
     cannot open file './webshot27ca156c5aa1.png': No such file or directory
    Quitting from lines 57-68 (dataexplorer-intro.Rmd)
    Error: processing vignette 'dataexplorer-intro.Rmd' failed with diagnostics:
    cannot open the connection
    Execution halted
Flavor: r-oldrel-osx-x86_64