Last updated on 2022-06-25 02:52:14 CEST.
Flavor | Version | Tinstall | Tcheck | Ttotal | Status | Flags |
---|---|---|---|---|---|---|
r-devel-linux-x86_64-debian-clang | 0.8.2 | 8.16 | 274.55 | 282.71 | NOTE | |
r-devel-linux-x86_64-debian-gcc | 0.8.2 | 6.44 | 187.05 | 193.49 | NOTE | |
r-devel-linux-x86_64-fedora-clang | 0.8.2 | 319.68 | NOTE | |||
r-devel-linux-x86_64-fedora-gcc | 0.8.2 | 313.63 | NOTE | |||
r-devel-windows-x86_64 | 0.8.2 | 66.00 | 322.00 | 388.00 | NOTE | |
r-patched-linux-x86_64 | 0.8.2 | 12.79 | 237.90 | 250.69 | NOTE | |
r-release-linux-x86_64 | 0.8.2 | 8.74 | 242.07 | 250.81 | NOTE | |
r-release-macos-arm64 | 0.8.2 | 100.00 | NOTE | |||
r-release-macos-x86_64 | 0.8.2 | 196.00 | NOTE | |||
r-release-windows-x86_64 | 0.8.2 | 62.00 | 336.00 | 398.00 | NOTE | |
r-oldrel-macos-arm64 | 0.8.2 | 154.00 | NOTE | |||
r-oldrel-macos-x86_64 | 0.8.2 | 215.00 | NOTE | |||
r-oldrel-windows-ix86+x86_64 | 0.8.2 | 21.00 | 281.00 | 302.00 | NOTE |
Version: 0.8.2
Check: LazyData
Result: NOTE
'LazyData' is specified without a 'data' directory
Flavors: r-devel-linux-x86_64-debian-clang, r-devel-linux-x86_64-debian-gcc, r-devel-linux-x86_64-fedora-clang, r-devel-linux-x86_64-fedora-gcc, r-devel-windows-x86_64, r-patched-linux-x86_64, r-release-linux-x86_64, r-release-macos-arm64, r-release-macos-x86_64, r-release-windows-x86_64, r-oldrel-macos-arm64, r-oldrel-macos-x86_64, r-oldrel-windows-ix86+x86_64