CRAN Package Check Results for Package DataExplorer

Last updated on 2018-08-17 19:49:06 CEST.

Flavor Version Tinstall Tcheck Ttotal Status Flags
r-devel-linux-x86_64-debian-clang 0.6.0 4.46 215.77 220.23 OK
r-devel-linux-x86_64-debian-gcc 0.6.0 3.54 166.55 170.09 OK
r-devel-linux-x86_64-fedora-clang 0.6.0 261.73 OK
r-devel-linux-x86_64-fedora-gcc 0.6.0 256.75 OK
r-devel-windows-ix86+x86_64 0.6.0 13.00 267.00 280.00 OK
r-patched-linux-x86_64 0.6.0 3.52 205.16 208.68 OK
r-patched-solaris-x86 0.6.0 177.30 WARN
r-release-linux-x86_64 0.6.0 3.07 188.85 191.92 OK
r-release-windows-ix86+x86_64 0.6.0 12.00 275.00 287.00 OK
r-release-osx-x86_64 0.6.0 WARN
r-oldrel-windows-ix86+x86_64 0.6.0 7.00 220.00 227.00 OK
r-oldrel-osx-x86_64 0.6.0 WARN

Check Details

Version: 0.6.0
Check: re-building of vignette outputs
Result: WARN
    Error in re-building vignettes:
     ...
    Warning in engine$weave(file, quiet = quiet, encoding = enc) :
     Pandoc (>= 1.12.3) and/or pandoc-citeproc not available. Falling back to R Markdown v1.
    Quitting from lines 61-72 (dataexplorer-intro.Rmd)
    Error: processing vignette 'dataexplorer-intro.Rmd' failed with diagnostics:
    there is no package called 'webshot'
    Execution halted
Flavor: r-patched-solaris-x86

Version: 0.6.0
Check: re-building of vignette outputs
Result: WARN
    Error in re-building vignettes:
     ...
    Warning in engine$weave(file, quiet = quiet, encoding = enc) :
     Pandoc (>= 1.12.3) and/or pandoc-citeproc not available. Falling back to R Markdown v1.
    Warning in normalizePath(f2) :
     path[1]="./webshot93c63522030b.png": No such file or directory
    Warning in file(con, "rb") :
     cannot open file './webshot93c63522030b.png': No such file or directory
    Quitting from lines 61-72 (dataexplorer-intro.Rmd)
    Error: processing vignette 'dataexplorer-intro.Rmd' failed with diagnostics:
    cannot open the connection
    Execution halted
Flavor: r-release-osx-x86_64

Version: 0.6.0
Check: re-building of vignette outputs
Result: WARN
    Error in re-building vignettes:
     ...
    Warning in engine$weave(file, quiet = quiet, encoding = enc) :
     Pandoc (>= 1.12.3) and/or pandoc-citeproc not available. Falling back to R Markdown v1.
    Warning in normalizePath(f2) :
     path[1]="./webshot146936df7e8db.png": No such file or directory
    Warning in file(con, "rb") :
     cannot open file './webshot146936df7e8db.png': No such file or directory
    Quitting from lines 61-72 (dataexplorer-intro.Rmd)
    Error: processing vignette 'dataexplorer-intro.Rmd' failed with diagnostics:
    cannot open the connection
    Execution halted
Flavor: r-oldrel-osx-x86_64