CRAN Package Check Results for Package DataExplorer

Last updated on 2018-02-25 05:47:19 CET.

Flavor Version Tinstall Tcheck Ttotal Status Flags
r-devel-linux-x86_64-debian-clang 0.5.0 2.57 300.63 303.20 OK
r-devel-linux-x86_64-debian-gcc 0.5.0 2.37 193.80 196.17 OK
r-devel-linux-x86_64-fedora-clang 0.5.0 362.76 OK
r-devel-linux-x86_64-fedora-gcc 0.5.0 336.15 OK
r-devel-windows-ix86+x86_64 0.5.0 9.00 330.00 339.00 OK
r-patched-linux-x86_64 0.5.0 2.84 278.64 281.48 OK
r-patched-solaris-x86 0.5.0 120.00 WARN
r-release-linux-x86_64 0.5.0 1.98 283.11 285.09 OK
r-release-windows-ix86+x86_64 0.5.0 9.00 324.00 333.00 OK
r-release-osx-x86_64 0.5.0 WARN
r-oldrel-windows-ix86+x86_64 0.4.0 11.00 125.00 136.00 OK
r-oldrel-osx-x86_64 0.5.0 ERROR

Check Details

Version: 0.5.0
Check: re-building of vignette outputs
Result: WARN
    Error in re-building vignettes:
     ...
    Warning in engine$weave(file, quiet = quiet, encoding = enc) :
     Pandoc (>= 1.12.3) and/or pandoc-citeproc not available. Falling back to R Markdown v1.
    Warning in normalizePath(f2) :
     path[1]="./webshot408e13954fa.png": No such file or directory
    Warning in file(con, "rb") :
     cannot open file './webshot408e13954fa.png': No such file or directory
    Quitting from lines 57-68 (dataexplorer-intro.Rmd)
    Error: processing vignette 'dataexplorer-intro.Rmd' failed with diagnostics:
    cannot open the connection
    Execution halted
Flavor: r-patched-solaris-x86

Version: 0.5.0
Check: re-building of vignette outputs
Result: WARN
    Error in re-building vignettes:
     ...
    Warning in engine$weave(file, quiet = quiet, encoding = enc) :
     Pandoc (>= 1.12.3) and/or pandoc-citeproc not available. Falling back to R Markdown v1.
    Warning in normalizePath(f2) :
     path[1]="./webshot27ca156c5aa1.png": No such file or directory
    Warning in file(con, "rb") :
     cannot open file './webshot27ca156c5aa1.png': No such file or directory
    Quitting from lines 57-68 (dataexplorer-intro.Rmd)
    Error: processing vignette 'dataexplorer-intro.Rmd' failed with diagnostics:
    cannot open the connection
    Execution halted
Flavor: r-release-osx-x86_64

Version: 0.5.0
Check: whether package can be installed
Result: ERROR
    Installation failed.
Flavor: r-oldrel-osx-x86_64