CRAN Package Check Results for Package DataExplorer

Last updated on 2018-10-19 08:48:49 CEST.

Flavor Version Tinstall Tcheck Ttotal Status Flags
r-devel-linux-x86_64-debian-clang 0.6.0 3.82 217.01 220.83 OK
r-devel-linux-x86_64-debian-gcc 0.6.0 3.62 164.68 168.30 OK
r-devel-linux-x86_64-fedora-clang 0.7.0 162.74 OK
r-devel-linux-x86_64-fedora-gcc 0.7.0 122.30 OK
r-devel-windows-ix86+x86_64 0.6.0 13.00 270.00 283.00 OK
r-patched-linux-x86_64 0.6.0 2.56 201.54 204.10 OK
r-patched-solaris-x86 0.7.0 337.20 OK
r-release-linux-x86_64 0.6.0 3.56 183.39 186.95 OK
r-release-windows-ix86+x86_64 0.6.0 13.00 266.00 279.00 OK
r-release-osx-x86_64 0.6.0 WARN
r-oldrel-windows-ix86+x86_64 0.6.0 7.00 205.00 212.00 OK
r-oldrel-osx-x86_64 0.6.0 WARN

Check Details

Version: 0.6.0
Check: re-building of vignette outputs
Result: WARN
    Error in re-building vignettes:
     ...
    Warning in engine$weave(file, quiet = quiet, encoding = enc) :
     Pandoc (>= 1.12.3) and/or pandoc-citeproc not available. Falling back to R Markdown v1.
    Warning in normalizePath(f2) :
     path[1]="./webshot93c63522030b.png": No such file or directory
    Warning in file(con, "rb") :
     cannot open file './webshot93c63522030b.png': No such file or directory
    Quitting from lines 61-72 (dataexplorer-intro.Rmd)
    Error: processing vignette 'dataexplorer-intro.Rmd' failed with diagnostics:
    cannot open the connection
    Execution halted
Flavor: r-release-osx-x86_64

Version: 0.6.0
Check: re-building of vignette outputs
Result: WARN
    Error in re-building vignettes:
     ...
    Warning in engine$weave(file, quiet = quiet, encoding = enc) :
     Pandoc (>= 1.12.3) and/or pandoc-citeproc not available. Falling back to R Markdown v1.
    Warning in normalizePath(f2) :
     path[1]="./webshot146936df7e8db.png": No such file or directory
    Warning in file(con, "rb") :
     cannot open file './webshot146936df7e8db.png': No such file or directory
    Quitting from lines 61-72 (dataexplorer-intro.Rmd)
    Error: processing vignette 'dataexplorer-intro.Rmd' failed with diagnostics:
    cannot open the connection
    Execution halted
Flavor: r-oldrel-osx-x86_64