CRAN Package Check Results for Package DataGraph

Last updated on 2022-05-29 00:50:22 CEST.

Flavor Version Tinstall Tcheck Ttotal Status Flags
r-devel-linux-x86_64-debian-clang 1.2.5 70.19 35.62 105.81 WARN
r-devel-linux-x86_64-debian-gcc 1.2.5 65.46 28.41 93.87 OK
r-devel-linux-x86_64-fedora-clang 1.2.5 177.86 WARN
r-devel-linux-x86_64-fedora-gcc 1.2.5 154.26 OK
r-devel-windows-x86_64 1.2.5 89.00 81.00 170.00 OK
r-patched-linux-x86_64 1.2.5 68.03 34.59 102.62 OK
r-release-linux-x86_64 1.2.5 67.96 35.29 103.25 OK
r-release-macos-arm64 1.2.5 42.00 NOTE
r-release-macos-x86_64 1.2.5 54.00 NOTE
r-release-windows-x86_64 1.2.5 86.00 84.00 170.00 OK
r-oldrel-macos-arm64 1.2.5 57.00 NOTE
r-oldrel-macos-x86_64 1.2.5 56.00 NOTE
r-oldrel-windows-ix86+x86_64 1.2.5 185.00 79.00 264.00 OK

Additional issues

clang14 rchk

Check Details

Version: 1.2.5
Check: whether package can be installed
Result: WARN
    Found the following significant warnings:
     DTRegion3D.cpp:58:13: warning: use of bitwise '&' with boolean operands [-Wbitwise-instead-of-logical]
     DTRegion3D.cpp:102:13: warning: use of bitwise '&' with boolean operands [-Wbitwise-instead-of-logical]
Flavors: r-devel-linux-x86_64-debian-clang, r-devel-linux-x86_64-fedora-clang

Version: 1.2.5
Check: installed package size
Result: NOTE
     installed size is 5.2Mb
     sub-directories of 1Mb or more:
     libs 5.1Mb
Flavors: r-devel-linux-x86_64-fedora-clang, r-release-macos-arm64, r-release-macos-x86_64, r-oldrel-macos-arm64, r-oldrel-macos-x86_64