CRAN Package Check Results for Package Datasmith

Last updated on 2018-08-16 12:50:06 CEST.

Flavor Version Tinstall Tcheck Ttotal Status Flags
r-release-osx-x86_64 1.0-1 WARN
r-oldrel-osx-x86_64 1.0-1 OK

Check Details

Version: 1.0-1
Check: examples
Result: WARN
    Found the following significant warnings:
    
     Warning: 'rBind' is deprecated.
     Warning: 'cBind' is deprecated.
    Deprecated functions may be defunct as soon as of the next release of
    R.
    See ?Deprecated.
Flavor: r-release-osx-x86_64