CRAN Package Check Results for Package DatastreamDSWS2R

Last updated on 2024-02-28 19:49:33 CET.

Flavor Version Tinstall Tcheck Ttotal Status Flags
r-devel-linux-x86_64-debian-clang 1.9.7 12.11 59.99 72.10 OK
r-devel-linux-x86_64-debian-gcc 1.9.7 10.42 44.93 55.35 OK
r-devel-linux-x86_64-fedora-clang 1.9.7 97.64 NOTE
r-devel-linux-x86_64-fedora-gcc 1.9.7 87.07 NOTE
r-devel-windows-x86_64 1.9.7 13.00 64.00 77.00 OK
r-patched-linux-x86_64 1.9.7 12.67 57.39 70.06 OK
r-release-linux-x86_64 1.9.7 14.54 58.20 72.74 OK
r-release-macos-arm64 1.9.7 34.00 OK
r-release-macos-x86_64 1.9.7 68.00 OK
r-release-windows-x86_64 1.9.7 16.00 73.00 89.00 OK
r-oldrel-macos-arm64 1.9.7 33.00 OK
r-oldrel-windows-x86_64 1.9.7 19.00 74.00 93.00 OK

Check Details

Version: 1.9.7
Check: data for non-ASCII characters
Result: NOTE Note: found 8 marked Latin-1 strings Flavors: r-devel-linux-x86_64-fedora-clang, r-devel-linux-x86_64-fedora-gcc