Last updated on 2021-01-23 23:47:12 CET.
Flavor | Version | Tinstall | Tcheck | Ttotal | Status | Flags |
---|---|---|---|---|---|---|
r-devel-linux-x86_64-debian-clang | 1.5.0 | 521.76 | 337.18 | 858.94 | NOTE | |
r-devel-linux-x86_64-debian-gcc | 1.5.0 | 430.51 | 276.39 | 706.90 | NOTE | |
r-devel-linux-x86_64-fedora-clang | 1.5.0 | 1148.12 | NOTE | |||
r-devel-linux-x86_64-fedora-gcc | 1.5.0 | 1292.88 | NOTE | |||
r-devel-windows-ix86+x86_64 | 1.5.0 | 1101.00 | 480.00 | 1581.00 | NOTE | |
r-patched-linux-x86_64 | 1.5.0 | 429.76 | 349.11 | 778.87 | NOTE | |
r-patched-solaris-x86 | 1.5.0 | 1241.70 | NOTE | |||
r-release-linux-x86_64 | 1.5.0 | 378.90 | 352.85 | 731.75 | NOTE | |
r-release-macos-x86_64 | 1.5.0 | NOTE | ||||
r-release-windows-ix86+x86_64 | 1.5.0 | 1077.00 | 497.00 | 1574.00 | NOTE | |
r-oldrel-macos-x86_64 | 1.5.0 | NOTE | ||||
r-oldrel-windows-ix86+x86_64 | 1.5.0 | 925.00 | 440.00 | 1365.00 | NOTE |
Version: 1.5.0
Check: for GNU extensions in Makefiles
Result: NOTE
GNU make is a SystemRequirements.
Flavors: r-devel-linux-x86_64-debian-clang, r-devel-linux-x86_64-debian-gcc, r-devel-linux-x86_64-fedora-clang, r-devel-linux-x86_64-fedora-gcc, r-devel-windows-ix86+x86_64, r-patched-linux-x86_64, r-patched-solaris-x86, r-release-linux-x86_64, r-release-macos-x86_64, r-release-windows-ix86+x86_64, r-oldrel-macos-x86_64, r-oldrel-windows-ix86+x86_64
Version: 1.5.0
Check: installed package size
Result: NOTE
installed size is 95.0Mb
sub-directories of 1Mb or more:
libs 92.2Mb
Flavors: r-devel-linux-x86_64-fedora-clang, r-devel-windows-ix86+x86_64, r-patched-solaris-x86, r-release-macos-x86_64, r-release-windows-ix86+x86_64, r-oldrel-macos-x86_64, r-oldrel-windows-ix86+x86_64
Version: 1.5.0
Check: top-level files
Result: NOTE
‘configure’: /bin/bash is not portable
Flavors: r-devel-linux-x86_64-fedora-clang, r-devel-linux-x86_64-fedora-gcc
Version: 1.5.0
Check: dependencies in R code
Result: NOTE
Namespace in Imports field not imported from: ‘lattice’
All declared Imports should be used.
Flavors: r-devel-linux-x86_64-fedora-clang, r-devel-linux-x86_64-fedora-gcc, r-patched-solaris-x86, r-release-macos-x86_64, r-oldrel-macos-x86_64