CRAN Package Check Results for Package DeLorean

Last updated on 2018-11-21 16:48:15 CET.

Flavor Version Tinstall Tcheck Ttotal Status Flags
r-devel-linux-x86_64-debian-clang 1.5.0 430.40 208.57 638.97 NOTE
r-devel-linux-x86_64-debian-gcc 1.5.0 399.81 184.94 584.75 NOTE
r-devel-linux-x86_64-fedora-clang 1.5.0 858.42 NOTE
r-devel-linux-x86_64-fedora-gcc 1.5.0 910.81 NOTE
r-devel-windows-ix86+x86_64 1.5.0 984.00 384.00 1368.00 NOTE
r-patched-linux-x86_64 1.5.0 448.40 215.04 663.44 NOTE
r-patched-solaris-x86 1.5.0 909.30 NOTE
r-release-linux-x86_64 1.5.0 460.07 220.59 680.66 NOTE
r-release-windows-ix86+x86_64 1.5.0 802.00 322.00 1124.00 NOTE
r-release-osx-x86_64 1.5.0 NOTE
r-oldrel-windows-ix86+x86_64 1.5.0 717.00 295.00 1012.00 NOTE
r-oldrel-osx-x86_64 1.5.0 NOTE

Check Details

Version: 1.5.0
Check: for GNU extensions in Makefiles
Result: NOTE
    GNU make is a SystemRequirements.
Flavors: r-devel-linux-x86_64-debian-clang, r-devel-linux-x86_64-debian-gcc, r-devel-linux-x86_64-fedora-clang, r-devel-linux-x86_64-fedora-gcc, r-devel-windows-ix86+x86_64, r-patched-linux-x86_64, r-patched-solaris-x86, r-release-linux-x86_64, r-release-windows-ix86+x86_64, r-release-osx-x86_64, r-oldrel-windows-ix86+x86_64, r-oldrel-osx-x86_64

Version: 1.5.0
Check: installed package size
Result: NOTE
     installed size is 87.5Mb
     sub-directories of 1Mb or more:
     libs 84.8Mb
Flavors: r-devel-linux-x86_64-fedora-clang, r-devel-windows-ix86+x86_64, r-patched-solaris-x86, r-release-windows-ix86+x86_64, r-release-osx-x86_64, r-oldrel-windows-ix86+x86_64, r-oldrel-osx-x86_64

Version: 1.5.0
Check: dependencies in R code
Result: NOTE
    Namespace in Imports field not imported from: ‘lattice’
     All declared Imports should be used.
Flavors: r-devel-linux-x86_64-fedora-clang, r-devel-linux-x86_64-fedora-gcc, r-patched-solaris-x86, r-release-osx-x86_64, r-oldrel-osx-x86_64