CRAN Package Check Results for Package DeLorean

Last updated on 2019-02-17 23:51:47 CET.

Flavor Version Tinstall Tcheck Ttotal Status Flags
r-devel-linux-x86_64-debian-clang 1.5.0 410.30 206.15 616.45 NOTE
r-devel-linux-x86_64-debian-gcc 1.5.0 405.99 179.35 585.34 NOTE
r-devel-linux-x86_64-fedora-clang 1.5.0 886.31 NOTE
r-devel-linux-x86_64-fedora-gcc 1.5.0 935.67 NOTE
r-devel-windows-ix86+x86_64 1.5.0 930.00 312.00 1242.00 NOTE
r-patched-linux-x86_64 1.5.0 451.17 217.19 668.36 NOTE
r-patched-solaris-x86 1.5.0 876.00 NOTE
r-release-linux-x86_64 1.5.0 NOTE
r-release-windows-ix86+x86_64 1.5.0 738.00 278.00 1016.00 NOTE
r-release-osx-x86_64 1.5.0 NOTE
r-oldrel-windows-ix86+x86_64 1.5.0 761.00 320.00 1081.00 NOTE
r-oldrel-osx-x86_64 1.5.0 NOTE

Check Details

Version: 1.5.0
Check: for GNU extensions in Makefiles
Result: NOTE
    GNU make is a SystemRequirements.
Flavors: r-devel-linux-x86_64-debian-clang, r-devel-linux-x86_64-debian-gcc, r-devel-linux-x86_64-fedora-clang, r-devel-linux-x86_64-fedora-gcc, r-devel-windows-ix86+x86_64, r-patched-linux-x86_64, r-patched-solaris-x86, r-release-linux-x86_64, r-release-windows-ix86+x86_64, r-release-osx-x86_64, r-oldrel-windows-ix86+x86_64, r-oldrel-osx-x86_64

Version: 1.5.0
Check: installed package size
Result: NOTE
     installed size is 75.7Mb
     sub-directories of 1Mb or more:
     libs 73.1Mb
Flavors: r-devel-linux-x86_64-fedora-clang, r-devel-windows-ix86+x86_64, r-patched-solaris-x86, r-release-windows-ix86+x86_64, r-release-osx-x86_64, r-oldrel-windows-ix86+x86_64, r-oldrel-osx-x86_64

Version: 1.5.0
Check: dependencies in R code
Result: NOTE
    Namespace in Imports field not imported from: ‘lattice’
     All declared Imports should be used.
Flavors: r-devel-linux-x86_64-fedora-clang, r-devel-linux-x86_64-fedora-gcc, r-patched-solaris-x86, r-release-osx-x86_64, r-oldrel-osx-x86_64