CRAN Package Check Results for Package DealGPL570

Last updated on 2021-03-05 13:48:20 CET.

Flavor Version Tinstall Tcheck Ttotal Status Flags
r-devel-linux-x86_64-debian-clang 0.2.0 8.12 74.02 82.14 OK
r-devel-linux-x86_64-debian-gcc 0.2.0 6.41 54.55 60.96 OK
r-devel-linux-x86_64-fedora-clang 0.2.0 104.92 OK
r-devel-linux-x86_64-fedora-gcc 0.2.0 98.48 OK
r-devel-windows-ix86+x86_64 0.2.0 5.00 7.00 12.00 ERROR
r-patched-linux-x86_64 0.2.0 OK
r-patched-solaris-x86 0.2.0 131.60 OK
r-release-linux-x86_64 0.2.0 8.22 69.75 77.97 OK
r-release-macos-x86_64 0.2.0 OK
r-release-windows-ix86+x86_64 0.2.0 14.00 72.00 86.00 OK
r-oldrel-macos-x86_64 0.2.0 OK
r-oldrel-windows-ix86+x86_64 0.2.0 13.00 64.00 77.00 WARN

Check Details

Version: 0.2.0
Check: whether package can be installed
Result: ERROR
    Installation failed.
Flavor: r-devel-windows-ix86+x86_64

Version: 0.2.0
Check: whether package can be installed
Result: WARN
    Found the following significant warnings:
     Warning: namespace 'Rcpp' is not available and has been replaced
Flavor: r-oldrel-windows-ix86+x86_64