CRAN Package Check Results for Package Deducer

Last updated on 2018-08-22 04:49:01 CEST.

Flavor Version Tinstall Tcheck Ttotal Status Flags
r-devel-linux-x86_64-debian-clang 0.7-9 13.30 170.91 184.21 OK
r-devel-linux-x86_64-debian-gcc 0.7-9 13.26 135.26 148.52 OK
r-devel-linux-x86_64-fedora-clang 0.7-9 181.27 OK
r-devel-linux-x86_64-fedora-gcc 0.7-9 179.20 OK
r-devel-windows-ix86+x86_64 0.7-9 21.00 140.00 161.00 OK
r-patched-linux-x86_64 0.7-9 13.63 142.61 156.24 OK
r-patched-solaris-x86 0.7-9 235.80 OK
r-release-linux-x86_64 0.7-9 9.65 139.68 149.33 OK
r-release-windows-ix86+x86_64 0.7-9 34.00 184.00 218.00 WARN
r-release-osx-x86_64 0.7-9 OK
r-oldrel-windows-ix86+x86_64 0.7-9 22.00 147.00 169.00 WARN
r-oldrel-osx-x86_64 0.7-9 OK

Check Details

Version: 0.7-9
Check: whether package can be installed
Result: WARN
    Found the following significant warnings:
     Warning: S3 methods '[.fun_list', '[.grouped_df', 'all.equal.tbl_df', 'anti_join.data.frame', 'anti_join.tbl_df', 'arrange.data.frame', 'arrange.default', 'arrange.grouped_df', 'arrange.tbl_df', 'arrange_.data.frame', 'arrange_.tbl_df', 'as.data.frame.grouped_df', 'as.data.frame.rowwise_df', 'as.data.frame.tbl_cube', 'as.data.frame.tbl_df', 'as.table.tbl_cube', 'as.tbl.data.frame', 'as.tbl.tbl', 'as.tbl_cube.array', 'as.tbl_cube.data.frame', 'as.tbl_cube.matrix', 'as.tbl_cube.table', 'as_data_frame.grouped_df', 'as_data_frame.tbl_cube', 'auto_copy.tbl_cube', 'auto_copy.tbl_df', 'cbind.grouped_df', 'collapse.data.frame', 'collect.data.frame', 'common_by.NULL', 'common_by.character', 'common_by.default', 'common_by.list', 'compute.data.frame', 'copy_to.DBIConnection', 'copy_to.src_local', 'default_missing.data.frame', 'default_missing.default', 'dim.tbl_cube', 'distinct.data.frame', 'distinct.default', 'distinct.grouped_df', 'distinct.tbl_df', 'distinct_.data.frame', 'distinct_.grouped_df', 'dist [... truncated]
Flavors: r-release-windows-ix86+x86_64, r-oldrel-windows-ix86+x86_64