CRAN Package Check Results for Package Delaporte

Last updated on 2022-10-01 23:55:09 CEST.

Flavor Version Tinstall Tcheck Ttotal Status Flags
r-devel-linux-x86_64-debian-clang 8.0.3 3.76 40.65 44.41 OK
r-devel-linux-x86_64-debian-gcc 8.0.3 3.60 29.65 33.25 OK
r-devel-linux-x86_64-fedora-clang 8.0.3 66.03 NOTE
r-devel-linux-x86_64-fedora-gcc 8.0.3 63.48 OK
r-devel-windows-x86_64 8.0.3 22.00 70.00 92.00 OK
r-patched-linux-x86_64 8.0.3 4.21 37.95 42.16 OK
r-release-linux-x86_64 8.0.3 3.84 38.08 41.92 OK
r-release-macos-arm64 8.0.3 24.00 OK
r-release-macos-x86_64 8.0.3 34.00 OK
r-release-windows-x86_64 8.0.3 28.00 72.00 100.00 OK
r-oldrel-macos-arm64 8.0.3 27.00 OK
r-oldrel-macos-x86_64 8.0.3 38.00 OK
r-oldrel-windows-ix86+x86_64 8.0.3 14.00 93.00 107.00 OK

Check Details

Version: 8.0.3
Check: Rd cross-references
Result: NOTE
    Undeclared packages ‘e1071’, ‘nloptr’ in Rd xrefs
Flavor: r-devel-linux-x86_64-fedora-clang