CRAN Package Check Results for Package DemoDecomp

Last updated on 2022-12-07 08:54:19 CET.

Flavor Version Tinstall Tcheck Ttotal Status Flags
r-devel-linux-x86_64-debian-clang 1.0.1 2.08 28.18 30.26 NOTE
r-devel-linux-x86_64-debian-gcc 1.0.1 1.86 22.19 24.05 NOTE
r-devel-linux-x86_64-fedora-clang 1.0.1 48.89 NOTE
r-devel-linux-x86_64-fedora-gcc 1.0.1 47.72 NOTE
r-devel-windows-x86_64 1.0.1 11.00 58.00 69.00 NOTE
r-patched-linux-x86_64 1.0.1 2.54 26.15 28.69 OK
r-release-linux-x86_64 1.0.1 2.30 26.75 29.05 OK
r-release-macos-arm64 1.0.1 18.00 OK
r-release-macos-x86_64 1.0.1 23.00 OK
r-release-windows-x86_64 1.0.1 19.00 60.00 79.00 OK
r-oldrel-macos-arm64 1.0.1 20.00 OK
r-oldrel-macos-x86_64 1.0.1 32.00 OK
r-oldrel-windows-ix86+x86_64 1.0.1 5.00 54.00 59.00 OK

Check Details

Version: 1.0.1
Check: package subdirectories
Result: NOTE
    Problems with news in 'NEWS.md':
     Cannot extract version info from the following section titles:
     Changes from previous package DecompHoriuchi
Flavors: r-devel-linux-x86_64-debian-clang, r-devel-linux-x86_64-debian-gcc, r-devel-linux-x86_64-fedora-clang, r-devel-linux-x86_64-fedora-gcc, r-devel-windows-x86_64