Last updated on 2023-04-01 00:52:57 CEST.
Flavor | Version | Tinstall | Tcheck | Ttotal | Status | Flags |
---|---|---|---|---|---|---|
r-devel-linux-x86_64-debian-clang | 2.1.5 | 186.31 | 193.75 | 380.06 | NOTE | |
r-devel-linux-x86_64-debian-gcc | 2.1.5 | 140.92 | 135.85 | 276.77 | NOTE | |
r-devel-linux-x86_64-fedora-clang | 2.1.5 | 549.13 | NOTE | |||
r-devel-linux-x86_64-fedora-gcc | 2.1.5 | 470.12 | NOTE | |||
r-devel-windows-x86_64 | 2.1.5 | 202.00 | 241.00 | 443.00 | NOTE | |
r-patched-linux-x86_64 | 2.1.5 | 150.50 | 169.43 | 319.93 | NOTE | |
r-release-linux-x86_64 | 2.1.5 | 146.14 | 170.87 | 317.01 | OK | |
r-release-macos-arm64 | 2.1.5 | 109.00 | NOTE | |||
r-release-macos-x86_64 | 2.1.5 | 207.00 | OK | |||
r-release-windows-x86_64 | 2.1.5 | 191.00 | 242.00 | 433.00 | OK | |
r-oldrel-macos-arm64 | 2.1.5 | 98.00 | NOTE | |||
r-oldrel-macos-x86_64 | 2.1.5 | 144.00 | OK | |||
r-oldrel-windows-ix86+x86_64 | 2.1.5 | 433.00 | 296.00 | 729.00 | OK |
Version: 2.1.5
Check: C++ specification
Result: NOTE
Specified C++11: please drop specification unless essential
Flavors: r-devel-linux-x86_64-debian-clang, r-devel-linux-x86_64-debian-gcc, r-devel-linux-x86_64-fedora-clang, r-devel-linux-x86_64-fedora-gcc, r-devel-windows-x86_64, r-patched-linux-x86_64
Version: 2.1.5
Check: installed package size
Result: NOTE
installed size is 5.1Mb
sub-directories of 1Mb or more:
libs 4.1Mb
Flavors: r-release-macos-arm64, r-oldrel-macos-arm64