CRAN Package Check Results for Package DescriptiveStats.OBeu

Last updated on 2019-02-15 20:46:46 CET.

Flavor Version Tinstall Tcheck Ttotal Status Flags
r-devel-linux-x86_64-debian-clang 1.3.1 1.53 27.73 29.26 OK
r-devel-linux-x86_64-debian-gcc 1.3.1 1.39 22.99 24.38 OK
r-devel-linux-x86_64-fedora-clang 1.3.1 37.03 NOTE
r-devel-linux-x86_64-fedora-gcc 1.3.1 35.40 NOTE
r-devel-windows-ix86+x86_64 1.3.1 6.00 234.00 240.00 OK
r-patched-linux-x86_64 1.3.1 1.04 24.43 25.47 OK
r-patched-solaris-x86 1.3.1 45.20 NOTE
r-release-linux-x86_64 1.3.1 1.21 24.44 25.65 OK
r-release-windows-ix86+x86_64 1.3.1 3.00 37.00 40.00 OK
r-release-osx-x86_64 1.3.1 NOTE
r-oldrel-windows-ix86+x86_64 1.3.1 6.00 87.00 93.00 OK
r-oldrel-osx-x86_64 1.3.1 NOTE

Check Details

Version: 1.3.1
Check: data for non-ASCII characters
Result: NOTE
     Note: found 5764 marked UTF-8 strings
Flavors: r-devel-linux-x86_64-fedora-clang, r-devel-linux-x86_64-fedora-gcc, r-patched-solaris-x86, r-release-osx-x86_64, r-oldrel-osx-x86_64