CRAN Package Check Results for Package DescriptiveStats.OBeu

Last updated on 2018-05-23 09:47:02 CEST.

Flavor Version Tinstall Tcheck Ttotal Status Flags
r-devel-linux-x86_64-debian-clang 1.3.0 1.46 25.41 26.87 OK
r-devel-linux-x86_64-debian-gcc 1.3.0 0.35 1.60 1.95 ERROR
r-devel-linux-x86_64-fedora-clang 1.3.0 32.35 NOTE
r-devel-linux-x86_64-fedora-gcc 1.3.0 33.73 NOTE
r-devel-windows-ix86+x86_64 1.3.0 6.00 39.00 45.00 OK
r-patched-linux-x86_64 1.3.0 1.18 24.49 25.67 OK
r-patched-solaris-x86 1.3.0 45.70 NOTE
r-release-linux-x86_64 1.3.0 1.38 24.26 25.64 OK
r-release-windows-ix86+x86_64 1.3.0 5.00 48.00 53.00 OK
r-release-osx-x86_64 1.3.0 NOTE
r-oldrel-windows-ix86+x86_64 1.3.0 4.00 55.00 59.00 OK
r-oldrel-osx-x86_64 1.2.1 NOTE

Check Details

Version: 1.3.0
Check: package dependencies
Result: ERROR
    Package required but not available: ‘dplyr’
    
    See section ‘The DESCRIPTION file’ in the ‘Writing R Extensions’
    manual.
Flavor: r-devel-linux-x86_64-debian-gcc

Version: 1.3.0
Check: dependencies in R code
Result: NOTE
    Namespace in Imports field not imported from: ‘curl’
     All declared Imports should be used.
Flavors: r-devel-linux-x86_64-fedora-clang, r-devel-linux-x86_64-fedora-gcc, r-patched-solaris-x86, r-release-osx-x86_64

Version: 1.3.0
Check: data for non-ASCII characters
Result: NOTE
     Note: found 5764 marked UTF-8 strings
Flavors: r-devel-linux-x86_64-fedora-clang, r-devel-linux-x86_64-fedora-gcc, r-patched-solaris-x86, r-release-osx-x86_64

Version: 1.2.1
Check: data for non-ASCII characters
Result: NOTE
     Note: found 5764 marked UTF-8 strings
Flavor: r-oldrel-osx-x86_64