CRAN Package Check Results for Package DescriptiveStats.OBeu

Last updated on 2018-11-15 06:47:18 CET.

Flavor Version Tinstall Tcheck Ttotal Status Flags
r-devel-linux-x86_64-debian-clang 1.3.0 1.62 26.70 28.32 OK
r-devel-linux-x86_64-debian-gcc 1.3.0 1.31 21.62 22.93 OK
r-devel-linux-x86_64-fedora-clang 1.3.0 32.81 NOTE
r-devel-linux-x86_64-fedora-gcc 1.3.0 31.98 NOTE
r-devel-windows-ix86+x86_64 1.3.0 4.00 38.00 42.00 OK
r-patched-linux-x86_64 1.3.0 1.49 24.45 25.94 OK
r-patched-solaris-x86 1.3.0 46.20 NOTE
r-release-linux-x86_64 1.3.0 1.51 22.48 23.99 OK
r-release-windows-ix86+x86_64 1.3.0 6.00 52.00 58.00 OK
r-release-osx-x86_64 1.3.0 NOTE
r-oldrel-windows-ix86+x86_64 1.3.0 5.00 62.00 67.00 OK
r-oldrel-osx-x86_64 1.3.0 NOTE

Check Details

Version: 1.3.0
Check: dependencies in R code
Result: NOTE
    Namespace in Imports field not imported from: ‘curl’
     All declared Imports should be used.
Flavors: r-devel-linux-x86_64-fedora-clang, r-devel-linux-x86_64-fedora-gcc, r-patched-solaris-x86, r-release-osx-x86_64, r-oldrel-osx-x86_64

Version: 1.3.0
Check: data for non-ASCII characters
Result: NOTE
     Note: found 5764 marked UTF-8 strings
Flavors: r-devel-linux-x86_64-fedora-clang, r-devel-linux-x86_64-fedora-gcc, r-patched-solaris-x86, r-release-osx-x86_64, r-oldrel-osx-x86_64