CRAN Package Check Results for Package DescriptiveStats.OBeu

Last updated on 2018-02-24 16:48:48 CET.

Flavor Version Tinstall Tcheck Ttotal Status Flags
r-devel-linux-x86_64-debian-clang 1.2.1 1.21 30.24 31.45 WARN
r-devel-linux-x86_64-debian-gcc 1.2.1 0.77 23.89 24.66 WARN
r-devel-linux-x86_64-fedora-clang 1.2.1 37.34 WARN
r-devel-linux-x86_64-fedora-gcc 1.2.1 38.77 WARN
r-devel-windows-ix86+x86_64 1.2.1 4.00 52.00 56.00 WARN
r-patched-linux-x86_64 1.2.1 0.82 33.26 34.08 OK
r-patched-solaris-x86 1.2.1 55.20 NOTE
r-release-linux-x86_64 1.2.1 0.97 33.72 34.69 OK
r-release-windows-ix86+x86_64 1.2.1 7.00 58.00 65.00 OK
r-release-osx-x86_64 1.2.1 NOTE
r-oldrel-windows-ix86+x86_64 1.2.1 3.00 40.00 43.00 OK
r-oldrel-osx-x86_64 1.2.1 NOTE

Check Details

Version: 1.2.1
Check: re-building of vignette outputs
Result: WARN
    Error in re-building vignettes:
     ...
    Quitting from lines 133-140 (DescriptiveStatsObeu.Rmd)
    Error: processing vignette ‘DescriptiveStatsObeu.Rmd’ failed with diagnostics:
    Required package curl not found. Please run: install.packages('curl')
    Execution halted
Flavors: r-devel-linux-x86_64-debian-clang, r-devel-linux-x86_64-debian-gcc, r-devel-linux-x86_64-fedora-clang, r-devel-linux-x86_64-fedora-gcc, r-devel-windows-ix86+x86_64

Version: 1.2.1
Check: data for non-ASCII characters
Result: NOTE
     Note: found 5764 marked UTF-8 strings
Flavors: r-devel-linux-x86_64-fedora-clang, r-devel-linux-x86_64-fedora-gcc, r-patched-solaris-x86, r-release-osx-x86_64, r-oldrel-osx-x86_64