Last updated on 2021-04-14 18:50:57 CEST.
Flavor | Version | Tinstall | Tcheck | Ttotal | Status | Flags |
---|---|---|---|---|---|---|
r-devel-linux-x86_64-debian-clang | 0.0.5 | 35.72 | 28.38 | 64.10 | OK | |
r-devel-linux-x86_64-debian-gcc | 0.0.5 | 26.21 | 23.18 | 49.39 | OK | |
r-devel-linux-x86_64-fedora-clang | 0.0.5 | 98.43 | NOTE | |||
r-devel-linux-x86_64-fedora-gcc | 0.0.5 | 82.83 | OK | |||
r-devel-windows-ix86+x86_64 | 0.0.5 | 64.00 | 66.00 | 130.00 | OK | |
r-devel-windows-x86_64-gcc10-UCRT | 0.0.5 | OK | ||||
r-patched-linux-x86_64 | 0.0.5 | 29.76 | 28.28 | 58.04 | OK | |
r-patched-solaris-x86 | 0.0.5 | 79.60 | OK | |||
r-release-linux-x86_64 | 0.0.5 | 27.88 | 28.54 | 56.42 | OK | |
r-release-macos-x86_64 | 0.0.5 | NOTE | ||||
r-release-windows-ix86+x86_64 | 0.0.5 | 63.00 | 65.00 | 128.00 | OK | |
r-oldrel-macos-x86_64 | 0.0.5 | NOTE | ||||
r-oldrel-windows-ix86+x86_64 | 0.0.5 | 64.00 | 45.00 | 109.00 | OK |
Version: 0.0.5
Check: installed package size
Result: NOTE
installed size is 11.1Mb
sub-directories of 1Mb or more:
libs 10.9Mb
Flavors: r-devel-linux-x86_64-fedora-clang, r-release-macos-x86_64, r-oldrel-macos-x86_64