Last updated on 2022-05-27 21:51:20 CEST.
Flavor | Version | Tinstall | Tcheck | Ttotal | Status | Flags |
---|---|---|---|---|---|---|
r-devel-linux-x86_64-debian-clang | 0.0.5 | 53.80 | 48.17 | 101.97 | OK | |
r-devel-linux-x86_64-debian-gcc | 0.0.5 | 44.39 | 39.58 | 83.97 | OK | |
r-devel-linux-x86_64-fedora-clang | 0.0.5 | 155.58 | NOTE | |||
r-devel-linux-x86_64-fedora-gcc | 0.0.5 | 131.03 | OK | |||
r-devel-windows-x86_64 | 0.0.5 | 43.00 | 84.00 | 127.00 | OK | |
r-patched-linux-x86_64 | 0.0.5 | 56.39 | 49.72 | 106.11 | OK | |
r-release-linux-x86_64 | 0.0.5 | 51.34 | 50.08 | 101.42 | OK | |
r-release-macos-arm64 | 0.0.5 | 43.00 | NOTE | |||
r-release-macos-x86_64 | 0.0.5 | 51.00 | NOTE | |||
r-release-windows-x86_64 | 0.0.5 | 53.00 | 85.00 | 138.00 | OK | |
r-oldrel-macos-arm64 | 0.0.5 | 48.00 | NOTE | |||
r-oldrel-macos-x86_64 | 0.0.5 | 71.00 | NOTE | |||
r-oldrel-windows-ix86+x86_64 | 0.0.5 | 119.00 | 94.00 | 213.00 | OK |
Version: 0.0.5
Check: installed package size
Result: NOTE
installed size is 17.1Mb
sub-directories of 1Mb or more:
libs 16.3Mb
Flavors: r-devel-linux-x86_64-fedora-clang, r-release-macos-arm64, r-release-macos-x86_64, r-oldrel-macos-arm64, r-oldrel-macos-x86_64