CRAN Package Check Results for Package DiagrammeR

Last updated on 2018-05-24 18:47:09 CEST.

Flavor Version Tinstall Tcheck Ttotal Status Flags
r-devel-linux-x86_64-debian-clang 1.0.0 19.96 184.87 204.83 OK
r-devel-linux-x86_64-debian-gcc 1.0.0 19.59 149.88 169.47 OK
r-devel-linux-x86_64-fedora-clang 1.0.0 246.49 NOTE
r-devel-linux-x86_64-fedora-gcc 1.0.0 254.16 NOTE
r-devel-windows-ix86+x86_64 1.0.0 31.00 191.00 222.00 OK
r-patched-linux-x86_64 1.0.0 20.11 194.78 214.89 OK
r-patched-solaris-x86 1.0.0 306.40 NOTE
r-release-linux-x86_64 1.0.0 18.45 188.09 206.54 OK
r-release-windows-ix86+x86_64 1.0.0 46.00 265.00 311.00 OK
r-release-osx-x86_64 1.0.0 NOTE
r-oldrel-windows-ix86+x86_64 1.0.0 25.00 296.00 321.00 OK
r-oldrel-osx-x86_64 1.0.0 NOTE

Check Details

Version: 1.0.0
Check: data for non-ASCII characters
Result: NOTE
     Note: found 1 marked UTF-8 string
Flavors: r-devel-linux-x86_64-fedora-clang, r-devel-linux-x86_64-fedora-gcc, r-patched-solaris-x86, r-release-osx-x86_64, r-oldrel-osx-x86_64

Version: 1.0.0
Check: package dependencies
Result: NOTE
    Package suggested but not available for checking: ‘rsvg’
Flavors: r-patched-solaris-x86, r-release-osx-x86_64

Version: 1.0.0
Check: installed package size
Result: NOTE
     installed size is 5.0Mb
     sub-directories of 1Mb or more:
     htmlwidgets 3.3Mb
Flavor: r-patched-solaris-x86