CRAN Package Check Results for Package DiagrammeR

Last updated on 2019-02-17 21:47:30 CET.

Flavor Version Tinstall Tcheck Ttotal Status Flags
r-devel-linux-x86_64-debian-clang 1.0.0 21.16 197.98 219.14 OK
r-devel-linux-x86_64-debian-gcc 1.0.0 18.67 148.94 167.61 OK
r-devel-linux-x86_64-fedora-clang 1.0.0 252.23 NOTE
r-devel-linux-x86_64-fedora-gcc 1.0.0 250.30 NOTE
r-devel-windows-ix86+x86_64 1.0.0 38.00 220.00 258.00 OK
r-patched-linux-x86_64 1.0.0 18.63 186.69 205.32 OK
r-patched-solaris-x86 1.0.0 311.90 NOTE
r-release-linux-x86_64 1.0.0 OK
r-release-windows-ix86+x86_64 1.0.0 26.00 198.00 224.00 OK
r-release-osx-x86_64 1.0.0 NOTE
r-oldrel-windows-ix86+x86_64 1.0.0 17.00 242.00 259.00 OK
r-oldrel-osx-x86_64 1.0.0 NOTE

Check Details

Version: 1.0.0
Check: data for non-ASCII characters
Result: NOTE
     Note: found 1 marked UTF-8 string
Flavors: r-devel-linux-x86_64-fedora-clang, r-devel-linux-x86_64-fedora-gcc, r-patched-solaris-x86, r-release-osx-x86_64, r-oldrel-osx-x86_64

Version: 1.0.0
Check: package dependencies
Result: NOTE
    Package suggested but not available for checking: ‘rsvg’
Flavors: r-patched-solaris-x86, r-release-osx-x86_64

Version: 1.0.0
Check: installed package size
Result: NOTE
     installed size is 5.0Mb
     sub-directories of 1Mb or more:
     htmlwidgets 3.3Mb
Flavor: r-patched-solaris-x86