CRAN Package Check Results for Package DiagrammeR

Last updated on 2018-11-18 23:49:48 CET.

Flavor Version Tinstall Tcheck Ttotal Status Flags
r-devel-linux-x86_64-debian-clang 1.0.0 19.42 189.03 208.45 OK
r-devel-linux-x86_64-debian-gcc 1.0.0 17.49 148.03 165.52 OK
r-devel-linux-x86_64-fedora-clang 1.0.0 242.20 NOTE
r-devel-linux-x86_64-fedora-gcc 1.0.0 234.52 NOTE
r-devel-windows-ix86+x86_64 1.0.0 42.00 258.00 300.00 OK
r-patched-linux-x86_64 1.0.0 17.71 186.40 204.11 OK
r-patched-solaris-x86 1.0.0 301.60 NOTE
r-release-linux-x86_64 1.0.0 17.81 160.72 178.53 OK
r-release-windows-ix86+x86_64 1.0.0 43.00 252.00 295.00 OK
r-release-osx-x86_64 1.0.0 NOTE
r-oldrel-windows-ix86+x86_64 1.0.0 18.00 217.00 235.00 OK
r-oldrel-osx-x86_64 1.0.0 NOTE

Check Details

Version: 1.0.0
Check: data for non-ASCII characters
Result: NOTE
     Note: found 1 marked UTF-8 string
Flavors: r-devel-linux-x86_64-fedora-clang, r-devel-linux-x86_64-fedora-gcc, r-patched-solaris-x86, r-release-osx-x86_64, r-oldrel-osx-x86_64

Version: 1.0.0
Check: package dependencies
Result: NOTE
    Package suggested but not available for checking: ‘rsvg’
Flavors: r-patched-solaris-x86, r-release-osx-x86_64

Version: 1.0.0
Check: installed package size
Result: NOTE
     installed size is 5.0Mb
     sub-directories of 1Mb or more:
     htmlwidgets 3.3Mb
Flavor: r-patched-solaris-x86