CRAN Package Check Results for Package DiagrammeR

Last updated on 2018-08-20 09:47:34 CEST.

Flavor Version Tinstall Tcheck Ttotal Status Flags
r-devel-linux-x86_64-debian-clang 1.0.0 19.46 194.17 213.63 OK
r-devel-linux-x86_64-debian-gcc 1.0.0 17.24 151.95 169.19 OK
r-devel-linux-x86_64-fedora-clang 1.0.0 246.48 NOTE
r-devel-linux-x86_64-fedora-gcc 1.0.0 246.05 NOTE
r-devel-windows-ix86+x86_64 1.0.0 42.00 268.00 310.00 OK
r-patched-linux-x86_64 1.0.0 15.29 188.39 203.68 OK
r-patched-solaris-x86 1.0.0 305.90 NOTE
r-release-linux-x86_64 1.0.0 17.11 188.29 205.40 OK
r-release-windows-ix86+x86_64 1.0.0 45.00 268.00 313.00 OK
r-release-osx-x86_64 1.0.0 NOTE
r-oldrel-windows-ix86+x86_64 1.0.0 20.00 227.00 247.00 OK
r-oldrel-osx-x86_64 1.0.0 NOTE

Check Details

Version: 1.0.0
Check: data for non-ASCII characters
Result: NOTE
     Note: found 1 marked UTF-8 string
Flavors: r-devel-linux-x86_64-fedora-clang, r-devel-linux-x86_64-fedora-gcc, r-patched-solaris-x86, r-release-osx-x86_64, r-oldrel-osx-x86_64

Version: 1.0.0
Check: package dependencies
Result: NOTE
    Package suggested but not available for checking: ‘rsvg’
Flavors: r-patched-solaris-x86, r-release-osx-x86_64

Version: 1.0.0
Check: installed package size
Result: NOTE
     installed size is 5.0Mb
     sub-directories of 1Mb or more:
     htmlwidgets 3.3Mb
Flavor: r-patched-solaris-x86