Last updated on 2023-04-01 02:50:20 CEST.
Flavor | Version | Tinstall | Tcheck | Ttotal | Status | Flags |
---|---|---|---|---|---|---|
r-devel-linux-x86_64-debian-clang | 0.1 | 3.46 | 28.32 | 31.78 | OK | |
r-devel-linux-x86_64-debian-gcc | 0.1 | 2.30 | 22.48 | 24.78 | OK | |
r-devel-linux-x86_64-fedora-clang | 0.1 | 39.11 | OK | |||
r-devel-linux-x86_64-fedora-gcc | 0.1 | 37.63 | OK | |||
r-devel-windows-x86_64 | 0.1 | 25.00 | 0.00 | 25.00 | OK | |
r-patched-linux-x86_64 | 0.1 | 2.78 | 27.75 | 30.53 | OK | |
r-release-linux-x86_64 | 0.1 | 2.97 | 28.38 | 31.35 | OK | |
r-release-macos-arm64 | 0.1 | 18.00 | OK | |||
r-release-macos-x86_64 | 0.1 | 23.00 | OK | |||
r-release-windows-x86_64 | 0.1 | 27.00 | 72.00 | 99.00 | OK | |
r-oldrel-macos-arm64 | 0.1 | 22.00 | OK | |||
r-oldrel-macos-x86_64 | 0.1 | 26.00 | OK | |||
r-oldrel-windows-ix86+x86_64 | 0.1 | 11.00 | 66.00 | 77.00 | NOTE |
Version: 0.1
Check: R code for possible problems
Result: NOTE
Initiating curl with CURL_SSL_BACKEND: openssl
Flavor: r-oldrel-windows-ix86+x86_64