CRAN Package Check Results for Package DiceOptim

Last updated on 2018-06-18 00:49:04 CEST.

Flavor Version Tinstall Tcheck Ttotal Status Flags
r-devel-linux-x86_64-debian-clang 2.0 7.33 55.10 62.43 NOTE
r-devel-linux-x86_64-debian-gcc 2.0 6.41 45.26 51.67 NOTE
r-devel-linux-x86_64-fedora-clang 2.0 77.75 NOTE
r-devel-linux-x86_64-fedora-gcc 2.0 72.83 NOTE
r-devel-windows-ix86+x86_64 2.0 18.00 120.00 138.00 OK
r-patched-linux-x86_64 2.0 7.60 57.42 65.02 NOTE
r-patched-solaris-x86 2.0 97.30 OK
r-release-linux-x86_64 2.0 7.08 56.68 63.76 NOTE
r-release-windows-ix86+x86_64 2.0 17.00 95.00 112.00 OK
r-release-osx-x86_64 2.0 OK
r-oldrel-windows-ix86+x86_64 2.0 8.00 118.00 126.00 OK
r-oldrel-osx-x86_64 2.0 OK

Check Details

Version: 2.0
Check: compiled code
Result: NOTE
    File ‘DiceOptim/libs/DiceOptim.so’:
     Found no calls to: ‘R_registerRoutines’, ‘R_useDynamicSymbols’
    
    It is good practice to register native routines and to disable symbol
    search.
    
    See ‘Writing portable packages’ in the ‘Writing R Extensions’ manual.
Flavors: r-devel-linux-x86_64-debian-clang, r-devel-linux-x86_64-debian-gcc, r-devel-linux-x86_64-fedora-clang, r-devel-linux-x86_64-fedora-gcc, r-patched-linux-x86_64, r-release-linux-x86_64