CRAN Package Check Results for Package DiceOptim

Last updated on 2018-12-17 17:47:51 CET.

Flavor Version Tinstall Tcheck Ttotal Status Flags
r-devel-linux-x86_64-debian-clang 2.0 7.89 60.34 68.23 OK
r-devel-linux-x86_64-debian-gcc 2.0 6.52 46.32 52.84 OK
r-devel-linux-x86_64-fedora-clang 2.0 73.74 NOTE
r-devel-linux-x86_64-fedora-gcc 2.0 72.14 NOTE
r-devel-windows-ix86+x86_64 2.0 18.00 127.00 145.00 OK
r-patched-linux-x86_64 2.0 7.37 56.39 63.76 OK
r-patched-solaris-x86 2.0 97.20 OK
r-release-linux-x86_64 2.0 7.65 56.51 64.16 OK
r-release-windows-ix86+x86_64 2.0 13.00 120.00 133.00 OK
r-release-osx-x86_64 2.0 OK
r-oldrel-windows-ix86+x86_64 2.0 16.00 116.00 132.00 OK
r-oldrel-osx-x86_64 2.0 OK

Check Details

Version: 2.0
Check: compiled code
Result: NOTE
    File ‘DiceOptim/libs/DiceOptim.so’:
     Found no calls to: ‘R_registerRoutines’, ‘R_useDynamicSymbols’
    
    It is good practice to register native routines and to disable symbol
    search.
    
    See ‘Writing portable packages’ in the ‘Writing R Extensions’ manual.
Flavors: r-devel-linux-x86_64-fedora-clang, r-devel-linux-x86_64-fedora-gcc