CRAN Package Check Results for Package DiceOptim

Last updated on 2018-01-16 07:47:26 CET.

Flavor Version Tinstall Tcheck Ttotal Status Flags
r-devel-linux-x86_64-debian-clang 2.0 2.40 56.74 59.14 NOTE
r-devel-linux-x86_64-debian-gcc 2.0 1.97 49.63 51.60 NOTE
r-devel-linux-x86_64-fedora-clang 2.0 71.16 NOTE
r-devel-linux-x86_64-fedora-gcc 2.0 73.57 NOTE
r-devel-windows-ix86+x86_64 2.0 8.00 94.00 102.00 OK
r-patched-linux-x86_64 2.0 2.72 61.89 64.61 NOTE
r-patched-solaris-x86 2.0 94.50 OK
r-release-linux-x86_64 2.0 2.47 60.33 62.80 NOTE
r-release-windows-ix86+x86_64 2.0 13.00 120.00 133.00 OK
r-release-osx-x86_64 2.0 OK
r-oldrel-windows-ix86+x86_64 2.0 11.00 100.00 111.00 OK
r-oldrel-osx-x86_64 2.0 OK

Check Details

Version: 2.0
Check: compiled code
Result: NOTE
    File ‘DiceOptim/libs/DiceOptim.so’:
     Found no calls to: ‘R_registerRoutines’, ‘R_useDynamicSymbols’
    
    It is good practice to register native routines and to disable symbol
    search.
    
    See ‘Writing portable packages’ in the ‘Writing R Extensions’ manual.
Flavors: r-devel-linux-x86_64-debian-clang, r-devel-linux-x86_64-debian-gcc, r-devel-linux-x86_64-fedora-clang, r-devel-linux-x86_64-fedora-gcc, r-patched-linux-x86_64, r-release-linux-x86_64