CRAN Package Check Results for Package Diderot

Last updated on 2021-05-06 23:49:28 CEST.

Flavor Version Tinstall Tcheck Ttotal Status Flags
r-devel-linux-x86_64-debian-clang 0.13 5.47 59.90 65.37 OK
r-devel-linux-x86_64-debian-gcc 0.13 3.83 44.07 47.90 OK
r-devel-linux-x86_64-fedora-clang 0.13 84.58 OK
r-devel-linux-x86_64-fedora-gcc 0.13 75.02 OK
r-devel-windows-ix86+x86_64 0.13 8.00 99.00 107.00 OK
r-devel-windows-x86_64-gcc10-UCRT 0.13 OK
r-patched-linux-x86_64 0.13 5.39 56.17 61.56 OK
r-patched-solaris-x86 0.13 144.50 OK
r-release-linux-x86_64 0.13 4.61 55.38 59.99 OK
r-release-macos-x86_64 0.13 OK
r-release-windows-ix86+x86_64 0.13 8.00 74.00 82.00 OK
r-oldrel-macos-x86_64 0.13 OK
r-oldrel-windows-ix86+x86_64 0.13 8.00 4.00 12.00 ERROR

Check Details

Version: 0.13
Check: whether package can be installed
Result: ERROR
    Installation failed.
Flavor: r-oldrel-windows-ix86+x86_64