CRAN Package Check Results for Package DiffCorr

Last updated on 2018-02-24 00:47:33 CET.

Flavor Version Tinstall Tcheck Ttotal Status Flags
r-devel-linux-x86_64-debian-clang 0.4.1 5.74 85.12 90.86 NOTE
r-devel-linux-x86_64-debian-gcc 0.4.1 4.95 72.11 77.06 NOTE
r-devel-windows-ix86+x86_64 0.4.1 14.00 116.00 130.00 NOTE
r-patched-linux-x86_64 0.4.1 5.14 86.00 91.14 NOTE
r-patched-solaris-x86 0.4.1 170.30 NOTE
r-release-linux-x86_64 0.4.1 4.43 89.58 94.01 NOTE
r-release-windows-ix86+x86_64 0.4.1 14.00 117.00 131.00 NOTE
r-release-osx-x86_64 0.4.1 ERROR
r-oldrel-windows-ix86+x86_64 0.4.1 9.00 90.00 99.00 NOTE
r-oldrel-osx-x86_64 0.4.1 NOTE

Check Details

Version: 0.4.1
Check: R code for possible problems
Result: NOTE
    cluster.molecule: no visible global function definition for ‘as.dist’
    cluster.molecule: no visible global function definition for ‘hclust’
    comp.2.cc.fdr: no visible global function definition for ‘cor’
    comp.2.cc.fdr: no visible global function definition for ‘p.adjust’
    comp.2.cc.fdr: no visible global function definition for ‘write.table’
    compcorr: no visible global function definition for ‘pnorm’
    cor.dist: no visible global function definition for ‘cor’
    cor2.test: no visible global function definition for ‘pt’
    cor2.test: no visible global function definition for ‘pnorm’
    generate_g: no visible global function definition for ‘cor’
    get.eigen.molecule: no visible global function definition for ‘cor’
    plotClusterMolecules: no visible global function definition for
     ‘rainbow’
    plotClusterMolecules: no visible global function definition for ‘par’
    plotClusterMolecules: no visible global function definition for
     ‘xy.coords’
    plotClusterMolecules: no visible global function definition for ‘axis’
    plotClusterMolecules: no visible global function definition for ‘rect’
    plotClusterMolecules: no visible global function definition for ‘lines’
    plotDiffCorrGroup: no visible global function definition for
     ‘split.screen’
    plotDiffCorrGroup: no visible global function definition for ‘screen’
    plotDiffCorrGroup: no visible global function definition for
     ‘close.screen’
    scalingMethods : <anonymous>: no visible global function definition for
     ‘sd’
    write.modules: no visible global function definition for ‘write.table’
    Undefined global functions or variables:
     as.dist axis close.screen cor hclust lines p.adjust par pnorm pt
     rainbow rect screen sd split.screen write.table xy.coords
    Consider adding
     importFrom("grDevices", "rainbow", "xy.coords")
     importFrom("graphics", "axis", "close.screen", "lines", "par", "rect",
     "screen", "split.screen")
     importFrom("stats", "as.dist", "cor", "hclust", "p.adjust", "pnorm",
     "pt", "sd")
     importFrom("utils", "write.table")
    to your NAMESPACE file.
Flavors: r-devel-linux-x86_64-debian-clang, r-devel-linux-x86_64-debian-gcc, r-devel-windows-ix86+x86_64, r-patched-linux-x86_64, r-patched-solaris-x86, r-release-linux-x86_64, r-release-windows-ix86+x86_64, r-oldrel-windows-ix86+x86_64, r-oldrel-osx-x86_64

Version: 0.4.1
Check: package dependencies
Result: ERROR
    Package required but not available: ‘pcaMethods’
    
    See section ‘The DESCRIPTION file’ in the ‘Writing R Extensions’
    manual.
Flavor: r-release-osx-x86_64