CRAN Package Check Results for Package DiffNet

Last updated on 2018-05-23 15:47:35 CEST.

Flavor Version Tinstall Tcheck Ttotal Status Flags
r-devel-linux-x86_64-debian-clang 1.0-0 23.55 79.89 103.44 OK
r-devel-linux-x86_64-debian-gcc 1.0-0 0.21 1.39 1.60 ERROR
r-devel-linux-x86_64-fedora-clang 1.0-0 131.70 NOTE
r-devel-linux-x86_64-fedora-gcc 1.0-0 126.08 NOTE
r-devel-windows-ix86+x86_64 1.0-0 43.00 204.00 247.00 OK
r-patched-linux-x86_64 1.0-0 23.96 68.28 92.24 NOTE
r-patched-solaris-x86 1.0-0 159.20 NOTE
r-release-linux-x86_64 1.0-0 23.34 67.70 91.04 NOTE
r-release-windows-ix86+x86_64 1.0-0 60.00 175.00 235.00 OK
r-release-osx-x86_64 1.0-0 NOTE
r-oldrel-windows-ix86+x86_64 1.0-0 63.00 169.00 232.00 OK
r-oldrel-osx-x86_64 1.0-0 NOTE

Check Details

Version: 1.0-0
Check: package dependencies
Result: ERROR
    Package required but not available: ‘Hmisc’
    
    See section ‘The DESCRIPTION file’ in the ‘Writing R Extensions’
    manual.
Flavor: r-devel-linux-x86_64-debian-gcc

Version: 1.0-0
Check: dependencies in R code
Result: NOTE
    Namespace in Imports field not imported from: ‘gplots’
     All declared Imports should be used.
Flavors: r-devel-linux-x86_64-fedora-clang, r-devel-linux-x86_64-fedora-gcc, r-patched-solaris-x86, r-release-osx-x86_64, r-oldrel-osx-x86_64

Version: 1.0-0
Check: DESCRIPTION meta-information
Result: NOTE
    Dependence on R version ‘3.3.2’ not with patchlevel 0
Flavors: r-patched-linux-x86_64, r-release-linux-x86_64