CRAN Package Check Results for Package DiffNet

Last updated on 2018-08-22 08:48:46 CEST.

Flavor Version Tinstall Tcheck Ttotal Status Flags
r-devel-linux-x86_64-debian-clang 1.0-0 24.92 88.71 113.63 OK
r-devel-linux-x86_64-debian-gcc 1.0-0 21.62 69.27 90.89 OK
r-devel-linux-x86_64-fedora-clang 1.0-0 138.66 NOTE
r-devel-linux-x86_64-fedora-gcc 1.0-0 131.41 NOTE
r-devel-windows-ix86+x86_64 1.0-0 42.00 138.00 180.00 ERROR
r-patched-linux-x86_64 1.0-0 22.02 72.42 94.44 NOTE
r-patched-solaris-x86 1.0-0 167.60 NOTE
r-release-linux-x86_64 1.0-0 24.36 67.61 91.97 NOTE
r-release-windows-ix86+x86_64 1.0-0 60.00 127.00 187.00 OK
r-release-osx-x86_64 1.0-0 NOTE
r-oldrel-windows-ix86+x86_64 1.0-0 49.00 127.00 176.00 OK
r-oldrel-osx-x86_64 1.0-0 NOTE

Check Details

Version: 1.0-0
Check: dependencies in R code
Result: NOTE
    Namespace in Imports field not imported from: ‘gplots’
     All declared Imports should be used.
Flavors: r-devel-linux-x86_64-fedora-clang, r-devel-linux-x86_64-fedora-gcc, r-patched-solaris-x86, r-release-osx-x86_64, r-oldrel-osx-x86_64

Version: 1.0-0
Check: whether package can be installed
Result: WARN
    Found the following significant warnings:
     Warning: S3 methods '[.fun_list', '[.grouped_df', 'all.equal.tbl_df', 'anti_join.data.frame', 'anti_join.tbl_df', 'arrange.data.frame', 'arrange.default', 'arrange.grouped_df', 'arrange.tbl_df', 'arrange_.data.frame', 'arrange_.tbl_df', 'as.data.frame.grouped_df', 'as.data.frame.rowwise_df', 'as.data.frame.tbl_cube', 'as.data.frame.tbl_df', 'as.table.tbl_cube', 'as.tbl.data.frame', 'as.tbl.tbl', 'as.tbl_cube.array', 'as.tbl_cube.data.frame', 'as.tbl_cube.matrix', 'as.tbl_cube.table', 'as_data_frame.grouped_df', 'as_data_frame.tbl_cube', 'auto_copy.tbl_cube', 'auto_copy.tbl_df', 'cbind.grouped_df', 'collapse.data.frame', 'collect.data.frame', 'common_by.NULL', 'common_by.character', 'common_by.default', 'common_by.list', 'compute.data.frame', 'copy_to.DBIConnection', 'copy_to.src_local', 'default_missing.data.frame', 'default_missing.default', 'dim.tbl_cube', 'distinct.data.frame', 'distinct.default', 'distinct.grouped_df', 'distinct.tbl_df', 'distinct_.data.frame', 'distinct_.grouped_df', 'dist [... truncated]
Flavor: r-devel-windows-ix86+x86_64

Version: 1.0-0
Check: running examples for arch ‘i386’
Result: ERROR
    Running examples in 'DiffNet-Ex.R' failed
    The error most likely occurred in:
    
    > ### Name: diffnet
    > ### Title: Detection of Statistically Significant Changes in Paired
    > ### Biological Networks
    > ### Aliases: diffnet
    >
    > ### ** Examples
    >
    > library("DiffNet")
    > # this step is optional, it helps speed up calculations, run in parallel on 2 processors
    > library(doParallel)
    Loading required package: foreach
    Loading required package: iterators
    Loading required package: parallel
    > registerDoParallel(2)
    > # Run the differential network analysis tehcnique on sample data
    > p <- diffnet()
    >
    >
    >
    > ### * <FOOTER>
    > ###
    > cleanEx()
    
    detaching 'package:doParallel', 'package:parallel',
     'package:iterators', 'package:foreach'
    
    Error: connections left open:
     <-CRANwin.fb05.statistik.uni-dortmund.de:11517 (sockconn)
     <-CRANwin.fb05.statistik.uni-dortmund.de:11517 (sockconn)
    Execution halted
Flavor: r-devel-windows-ix86+x86_64

Version: 1.0-0
Check: running examples for arch ‘x64’
Result: ERROR
    Running examples in 'DiffNet-Ex.R' failed
    The error most likely occurred in:
    
    > ### Name: diffnet
    > ### Title: Detection of Statistically Significant Changes in Paired
    > ### Biological Networks
    > ### Aliases: diffnet
    >
    > ### ** Examples
    >
    > library("DiffNet")
    > # this step is optional, it helps speed up calculations, run in parallel on 2 processors
    > library(doParallel)
    Loading required package: foreach
    Loading required package: iterators
    Loading required package: parallel
    > registerDoParallel(2)
    > # Run the differential network analysis tehcnique on sample data
    > p <- diffnet()
    >
    >
    >
    > ### * <FOOTER>
    > ###
    > cleanEx()
    
    detaching 'package:doParallel', 'package:parallel',
     'package:iterators', 'package:foreach'
    
    Error: connections left open:
     <-CRANwin.fb05.statistik.uni-dortmund.de:11283 (sockconn)
     <-CRANwin.fb05.statistik.uni-dortmund.de:11283 (sockconn)
    Execution halted
Flavor: r-devel-windows-ix86+x86_64

Version: 1.0-0
Check: DESCRIPTION meta-information
Result: NOTE
    Dependence on R version ‘3.3.2’ not with patchlevel 0
Flavors: r-patched-linux-x86_64, r-release-linux-x86_64