CRAN Package Check Results for Package DiffNet

Last updated on 2018-02-25 16:48:15 CET.

Flavor Version Tinstall Tcheck Ttotal Status Flags
r-devel-linux-x86_64-debian-clang 1.0-0 22.80 67.09 89.89 NOTE
r-devel-linux-x86_64-debian-gcc 1.0-0 17.10 53.48 70.58 NOTE
r-devel-linux-x86_64-fedora-clang 1.0-0 115.13 NOTE
r-devel-linux-x86_64-fedora-gcc 1.0-0 114.05 NOTE
r-devel-windows-ix86+x86_64 1.0-0 59.00 169.00 228.00 OK
r-patched-linux-x86_64 1.0-0 22.64 66.64 89.28 OK
r-patched-solaris-x86 1.0-0 156.20 NOTE
r-release-linux-x86_64 1.0-0 20.99 67.49 88.48 OK
r-release-windows-ix86+x86_64 1.0-0 56.00 161.00 217.00 FAIL
r-release-osx-x86_64 1.0-0 NOTE
r-oldrel-windows-ix86+x86_64 1.0-0 45.00 117.00 162.00 OK
r-oldrel-osx-x86_64 1.0-0 NOTE

Check Details

Version: 1.0-0
Check: DESCRIPTION meta-information
Result: NOTE
    Dependence on R version ‘3.3.2’ not with patchlevel 0
Flavors: r-devel-linux-x86_64-debian-clang, r-devel-linux-x86_64-debian-gcc, r-devel-linux-x86_64-fedora-clang, r-devel-linux-x86_64-fedora-gcc

Version: 1.0-0
Check: dependencies in R code
Result: NOTE
    Namespace in Imports field not imported from: ‘gplots’
     All declared Imports should be used.
Flavors: r-devel-linux-x86_64-fedora-clang, r-devel-linux-x86_64-fedora-gcc, r-patched-solaris-x86, r-release-osx-x86_64, r-oldrel-osx-x86_64

Version: 1.0-0
Check: running examples for arch ‘i386’
Result: FAIL
    
Flavor: r-release-windows-ix86+x86_64