CRAN Package Check Results for Package DiffXTables

Last updated on 2024-06-22 03:49:30 CEST.

Flavor Version Tinstall Tcheck Ttotal Status Flags
r-devel-linux-x86_64-debian-clang 0.1.3 4.69 44.40 49.09 NOTE
r-devel-linux-x86_64-debian-gcc 0.1.3 3.15 34.72 37.87 NOTE
r-devel-linux-x86_64-fedora-clang 0.1.3 65.92 NOTE
r-devel-linux-x86_64-fedora-gcc 0.1.3 70.79 NOTE
r-devel-windows-x86_64 0.1.3 4.00 55.00 59.00 NOTE
r-patched-linux-x86_64 0.1.3 4.61 43.71 48.32 NOTE
r-release-linux-x86_64 0.1.3 3.72 44.07 47.79 NOTE
r-release-macos-arm64 0.1.3 29.00 NOTE
r-release-macos-x86_64 0.1.3 43.00 NOTE
r-release-windows-x86_64 0.1.3 4.00 56.00 60.00 NOTE
r-oldrel-macos-arm64 0.1.3 28.00 OK
r-oldrel-macos-x86_64 0.1.3 41.00 OK
r-oldrel-windows-x86_64 0.1.3 5.00 59.00 64.00 OK

Check Details

Version: 0.1.3
Check: Rd files
Result: NOTE checkRd: (-1) simulate_diff_tables.Rd:72: Lost braces; missing escapes or markup? 72 | {The Sharma-Song test} {\code{\link[DiffXTables]{sharma.song.test}}} | ^ checkRd: (-1) simulate_diff_tables.Rd:74: Lost braces; missing escapes or markup? 74 | {The comparative chi-squared test} {\code{\link[DiffXTables]{cp.chisq.test}}} | ^ checkRd: (-1) simulate_diff_tables.Rd:76: Lost braces; missing escapes or markup? 76 | {The heterogeneity test} {\code{\link[DiffXTables]{heterogeneity.test}}} | ^ Flavors: r-devel-linux-x86_64-debian-clang, r-devel-linux-x86_64-debian-gcc, r-devel-linux-x86_64-fedora-clang, r-devel-linux-x86_64-fedora-gcc, r-devel-windows-x86_64, r-patched-linux-x86_64, r-release-linux-x86_64, r-release-macos-arm64, r-release-macos-x86_64, r-release-windows-x86_64