CRAN Package Check Results for Package DiffusionRgqd

Last updated on 2018-08-19 06:46:39 CEST.

Flavor Version Tinstall Tcheck Ttotal Status Flags
r-devel-linux-x86_64-debian-clang 0.1.3 29.29 74.17 103.46 NOTE
r-devel-linux-x86_64-debian-gcc 0.1.3 28.43 58.48 86.91 NOTE
r-devel-linux-x86_64-fedora-clang 0.1.3 129.97 NOTE
r-devel-linux-x86_64-fedora-gcc 0.1.3 127.40 NOTE
r-devel-windows-ix86+x86_64 0.1.3 71.00 137.00 208.00 NOTE
r-patched-linux-x86_64 0.1.3 31.94 70.43 102.37 NOTE
r-patched-solaris-x86 0.1.3 138.30 NOTE
r-release-linux-x86_64 0.1.3 28.75 71.34 100.09 NOTE
r-release-windows-ix86+x86_64 0.1.3 79.00 144.00 223.00 NOTE
r-release-osx-x86_64 0.1.3 NOTE
r-oldrel-windows-ix86+x86_64 0.1.3 46.00 102.00 148.00 NOTE
r-oldrel-osx-x86_64 0.1.3 NOTE

Check Details

Version: 0.1.3
Check: compiled code
Result: NOTE
    File ‘DiffusionRgqd/libs/DiffusionRgqd.so’:
     Found no calls to: ‘R_registerRoutines’, ‘R_useDynamicSymbols’
    
    It is good practice to register native routines and to disable symbol
    search.
    
    See ‘Writing portable packages’ in the ‘Writing R Extensions’ manual.
Flavors: r-devel-linux-x86_64-debian-clang, r-devel-linux-x86_64-debian-gcc, r-devel-linux-x86_64-fedora-clang, r-devel-linux-x86_64-fedora-gcc, r-patched-linux-x86_64, r-release-linux-x86_64

Version: 0.1.3
Check: installed package size
Result: NOTE
     installed size is 6.6Mb
     sub-directories of 1Mb or more:
     doc 5.2Mb
Flavors: r-devel-linux-x86_64-fedora-clang, r-devel-windows-ix86+x86_64, r-patched-solaris-x86, r-release-windows-ix86+x86_64, r-release-osx-x86_64, r-oldrel-windows-ix86+x86_64, r-oldrel-osx-x86_64