CRAN Package Check Results for Package DiffusionRgqd

Last updated on 2018-11-17 06:46:38 CET.

Flavor Version Tinstall Tcheck Ttotal Status Flags
r-devel-linux-x86_64-debian-clang 0.1.3 32.55 72.09 104.64 OK
r-devel-linux-x86_64-debian-gcc 0.1.3 26.98 56.40 83.38 OK
r-devel-linux-x86_64-fedora-clang 0.1.3 133.33 NOTE
r-devel-linux-x86_64-fedora-gcc 0.1.3 124.85 NOTE
r-devel-windows-ix86+x86_64 0.1.3 77.00 142.00 219.00 NOTE
r-patched-linux-x86_64 0.1.3 33.02 70.53 103.55 OK
r-patched-solaris-x86 0.1.3 153.60 NOTE
r-release-linux-x86_64 0.1.3 31.98 68.98 100.96 OK
r-release-windows-ix86+x86_64 0.1.3 78.00 132.00 210.00 NOTE
r-release-osx-x86_64 0.1.3 NOTE
r-oldrel-windows-ix86+x86_64 0.1.3 62.00 130.00 192.00 NOTE
r-oldrel-osx-x86_64 0.1.3 NOTE

Check Details

Version: 0.1.3
Check: installed package size
Result: NOTE
     installed size is 6.6Mb
     sub-directories of 1Mb or more:
     doc 5.2Mb
Flavors: r-devel-linux-x86_64-fedora-clang, r-devel-windows-ix86+x86_64, r-patched-solaris-x86, r-release-windows-ix86+x86_64, r-release-osx-x86_64, r-oldrel-windows-ix86+x86_64, r-oldrel-osx-x86_64

Version: 0.1.3
Check: compiled code
Result: NOTE
    File ‘DiffusionRgqd/libs/DiffusionRgqd.so’:
     Found no calls to: ‘R_registerRoutines’, ‘R_useDynamicSymbols’
    
    It is good practice to register native routines and to disable symbol
    search.
    
    See ‘Writing portable packages’ in the ‘Writing R Extensions’ manual.
Flavors: r-devel-linux-x86_64-fedora-clang, r-devel-linux-x86_64-fedora-gcc