CRAN Package Check Results for Package DiffusionRgqd

Last updated on 2019-02-16 13:46:17 CET.

Flavor Version Tinstall Tcheck Ttotal Status Flags
r-devel-linux-x86_64-debian-clang 0.1.3 32.53 77.39 109.92 OK
r-devel-linux-x86_64-debian-gcc 0.1.3 22.97 62.61 85.58 OK
r-devel-linux-x86_64-fedora-clang 0.1.3 145.22 NOTE
r-devel-linux-x86_64-fedora-gcc 0.1.3 134.38 NOTE
r-devel-windows-ix86+x86_64 0.1.3 84.00 171.00 255.00 NOTE
r-patched-linux-x86_64 0.1.3 31.37 71.70 103.07 OK
r-patched-solaris-x86 0.1.3 138.90 NOTE
r-release-linux-x86_64 0.1.3 OK
r-release-windows-ix86+x86_64 0.1.3 49.00 96.00 145.00 NOTE
r-release-osx-x86_64 0.1.3 NOTE
r-oldrel-windows-ix86+x86_64 0.1.3 66.00 219.00 285.00 NOTE
r-oldrel-osx-x86_64 0.1.3 NOTE

Check Details

Version: 0.1.3
Check: installed package size
Result: NOTE
     installed size is 6.6Mb
     sub-directories of 1Mb or more:
     doc 5.2Mb
Flavors: r-devel-linux-x86_64-fedora-clang, r-devel-windows-ix86+x86_64, r-patched-solaris-x86, r-release-windows-ix86+x86_64, r-release-osx-x86_64, r-oldrel-windows-ix86+x86_64, r-oldrel-osx-x86_64

Version: 0.1.3
Check: compiled code
Result: NOTE
    File ‘DiffusionRgqd/libs/DiffusionRgqd.so’:
     Found no calls to: ‘R_registerRoutines’, ‘R_useDynamicSymbols’
    
    It is good practice to register native routines and to disable symbol
    search.
    
    See ‘Writing portable packages’ in the ‘Writing R Extensions’ manual.
Flavors: r-devel-linux-x86_64-fedora-clang, r-devel-linux-x86_64-fedora-gcc