CRAN Package Check Results for Package DiffusionRgqd

Last updated on 2018-02-25 01:50:38 CET.

Flavor Version Tinstall Tcheck Ttotal Status Flags
r-devel-linux-x86_64-debian-clang 0.1.3 32.56 68.17 100.73 NOTE
r-devel-linux-x86_64-debian-gcc 0.1.3 24.07 52.06 76.13 NOTE
r-devel-linux-x86_64-fedora-clang 0.1.3 125.75 NOTE
r-devel-linux-x86_64-fedora-gcc 0.1.3 123.11 NOTE
r-devel-windows-ix86+x86_64 0.1.3 74.00 128.00 202.00 NOTE
r-patched-linux-x86_64 0.1.3 20.50 74.04 94.54 NOTE
r-patched-solaris-x86 0.1.3 116.30 NOTE
r-release-linux-x86_64 0.1.3 20.68 73.97 94.65 NOTE
r-release-windows-ix86+x86_64 0.1.3 62.00 119.00 181.00 NOTE
r-release-osx-x86_64 0.1.3 NOTE
r-oldrel-windows-ix86+x86_64 0.1.3 46.00 90.00 136.00 NOTE
r-oldrel-osx-x86_64 0.1.3 NOTE

Check Details

Version: 0.1.3
Check: compiled code
Result: NOTE
    File ‘DiffusionRgqd/libs/DiffusionRgqd.so’:
     Found no calls to: ‘R_registerRoutines’, ‘R_useDynamicSymbols’
    
    It is good practice to register native routines and to disable symbol
    search.
    
    See ‘Writing portable packages’ in the ‘Writing R Extensions’ manual.
Flavors: r-devel-linux-x86_64-debian-clang, r-devel-linux-x86_64-debian-gcc, r-devel-linux-x86_64-fedora-clang, r-devel-linux-x86_64-fedora-gcc, r-patched-linux-x86_64, r-release-linux-x86_64

Version: 0.1.3
Check: installed package size
Result: NOTE
     installed size is 6.5Mb
     sub-directories of 1Mb or more:
     doc 5.2Mb
Flavors: r-devel-linux-x86_64-fedora-clang, r-devel-linux-x86_64-fedora-gcc, r-devel-windows-ix86+x86_64, r-patched-solaris-x86, r-release-windows-ix86+x86_64, r-release-osx-x86_64, r-oldrel-windows-ix86+x86_64, r-oldrel-osx-x86_64