CRAN Package Check Results for Package DiffusionRgqd

Last updated on 2018-05-23 16:48:00 CEST.

Flavor Version Tinstall Tcheck Ttotal Status Flags
r-devel-linux-x86_64-debian-clang 0.1.3 29.14 71.31 100.45 NOTE
r-devel-linux-x86_64-debian-gcc 0.1.3 0.65 1.73 2.38 ERROR
r-devel-linux-x86_64-fedora-clang 0.1.3 130.30 NOTE
r-devel-linux-x86_64-fedora-gcc 0.1.3 123.06 NOTE
r-devel-windows-ix86+x86_64 0.1.3 53.00 137.00 190.00 NOTE
r-patched-linux-x86_64 0.1.3 35.40 72.90 108.30 NOTE
r-patched-solaris-x86 0.1.3 141.00 NOTE
r-release-linux-x86_64 0.1.3 32.27 70.15 102.42 NOTE
r-release-windows-ix86+x86_64 0.1.3 77.00 129.00 206.00 NOTE
r-release-osx-x86_64 0.1.3 NOTE
r-oldrel-windows-ix86+x86_64 0.1.3 69.00 128.00 197.00 NOTE
r-oldrel-osx-x86_64 0.1.3 NOTE

Check Details

Version: 0.1.3
Check: compiled code
Result: NOTE
    File ‘DiffusionRgqd/libs/DiffusionRgqd.so’:
     Found no calls to: ‘R_registerRoutines’, ‘R_useDynamicSymbols’
    
    It is good practice to register native routines and to disable symbol
    search.
    
    See ‘Writing portable packages’ in the ‘Writing R Extensions’ manual.
Flavors: r-devel-linux-x86_64-debian-clang, r-devel-linux-x86_64-fedora-clang, r-devel-linux-x86_64-fedora-gcc, r-patched-linux-x86_64, r-release-linux-x86_64

Version: 0.1.3
Check: package dependencies
Result: ERROR
    Package required but not available: ‘rgl’
    
    See section ‘The DESCRIPTION file’ in the ‘Writing R Extensions’
    manual.
Flavor: r-devel-linux-x86_64-debian-gcc

Version: 0.1.3
Check: installed package size
Result: NOTE
     installed size is 6.5Mb
     sub-directories of 1Mb or more:
     doc 5.2Mb
Flavors: r-devel-linux-x86_64-fedora-clang, r-devel-linux-x86_64-fedora-gcc, r-devel-windows-ix86+x86_64, r-patched-solaris-x86, r-release-windows-ix86+x86_64, r-release-osx-x86_64, r-oldrel-windows-ix86+x86_64, r-oldrel-osx-x86_64