Last updated on 2021-01-26 18:50:40 CET.
Flavor | Version | Tinstall | Tcheck | Ttotal | Status | Flags |
---|---|---|---|---|---|---|
r-devel-linux-x86_64-debian-clang | 0.1.3 | 40.28 | 97.94 | 138.22 | OK | |
r-devel-linux-x86_64-debian-gcc | 0.1.3 | 30.87 | 75.97 | 106.84 | OK | |
r-devel-linux-x86_64-fedora-clang | 0.1.3 | 187.85 | NOTE | |||
r-devel-linux-x86_64-fedora-gcc | 0.1.3 | 176.62 | NOTE | |||
r-devel-windows-ix86+x86_64 | 0.1.3 | 91.00 | 153.00 | 244.00 | NOTE | |
r-patched-linux-x86_64 | 0.1.3 | 34.47 | 91.81 | 126.28 | OK | |
r-patched-solaris-x86 | 0.1.3 | 192.90 | NOTE | |||
r-release-linux-x86_64 | 0.1.3 | 34.55 | 93.18 | 127.73 | OK | |
r-release-macos-x86_64 | 0.1.3 | NOTE | ||||
r-release-windows-ix86+x86_64 | 0.1.3 | 91.00 | 112.00 | 203.00 | NOTE | |
r-oldrel-macos-x86_64 | 0.1.3 | WARN | ||||
r-oldrel-windows-ix86+x86_64 | 0.1.3 | 70.00 | 119.00 | 189.00 | NOTE |
Version: 0.1.3
Check: installed package size
Result: NOTE
installed size is 6.9Mb
sub-directories of 1Mb or more:
doc 5.2Mb
Flavors: r-devel-linux-x86_64-fedora-clang, r-devel-windows-ix86+x86_64, r-patched-solaris-x86, r-release-macos-x86_64, r-release-windows-ix86+x86_64, r-oldrel-macos-x86_64, r-oldrel-windows-ix86+x86_64
Version: 0.1.3
Check: compiled code
Result: NOTE
File ‘DiffusionRgqd/libs/DiffusionRgqd.so’:
Found no calls to: ‘R_registerRoutines’, ‘R_useDynamicSymbols’
It is good practice to register native routines and to disable symbol
search.
See ‘Writing portable packages’ in the ‘Writing R Extensions’ manual.
Flavors: r-devel-linux-x86_64-fedora-clang, r-devel-linux-x86_64-fedora-gcc
Version: 0.1.3
Check: whether package can be installed
Result: WARN
Found the following significant warnings:
Warning: 'rgl_init' failed, running with rgl.useNULL = TRUE
Flavor: r-oldrel-macos-x86_64