CRAN Package Check Results for Package DiffusionRimp

Last updated on 2019-02-15 20:46:46 CET.

Flavor Version Tinstall Tcheck Ttotal Status Flags
r-devel-linux-x86_64-debian-clang 0.1.2 26.58 48.82 75.40 OK
r-devel-linux-x86_64-debian-gcc 0.1.2 18.90 38.44 57.34 OK
r-devel-linux-x86_64-fedora-clang 0.1.2 101.04 NOTE
r-devel-linux-x86_64-fedora-gcc 0.1.2 93.15 NOTE
r-devel-windows-ix86+x86_64 0.1.2 69.00 217.00 286.00 OK
r-patched-linux-x86_64 0.1.2 24.67 44.23 68.90 OK
r-patched-solaris-x86 0.1.2 102.90 OK
r-release-linux-x86_64 0.1.2 23.34 44.55 67.89 OK
r-release-windows-ix86+x86_64 0.1.2 44.00 76.00 120.00 OK
r-release-osx-x86_64 0.1.2 OK
r-oldrel-windows-ix86+x86_64 0.1.2 61.00 187.00 248.00 OK
r-oldrel-osx-x86_64 0.1.2 OK

Check Details

Version: 0.1.2
Check: compiled code
Result: NOTE
    File ‘DiffusionRimp/libs/DiffusionRimp.so’:
     Found no calls to: ‘R_registerRoutines’, ‘R_useDynamicSymbols’
    
    It is good practice to register native routines and to disable symbol
    search.
    
    See ‘Writing portable packages’ in the ‘Writing R Extensions’ manual.
Flavors: r-devel-linux-x86_64-fedora-clang, r-devel-linux-x86_64-fedora-gcc