CRAN Package Check Results for Package DiffusionRimp

Last updated on 2018-05-23 20:48:25 CEST.

Flavor Version Tinstall Tcheck Ttotal Status Flags
r-devel-linux-x86_64-debian-clang 0.1.2 25.63 45.97 71.60 NOTE
r-devel-linux-x86_64-debian-gcc 0.1.2 0.50 1.71 2.21 ERROR
r-devel-linux-x86_64-fedora-clang 0.1.2 88.24 NOTE
r-devel-linux-x86_64-fedora-gcc 0.1.2 84.32 NOTE
r-devel-windows-ix86+x86_64 0.1.2 46.00 110.00 156.00 OK
r-patched-linux-x86_64 0.1.2 27.63 42.87 70.50 NOTE
r-patched-solaris-x86 0.1.2 104.60 OK
r-release-linux-x86_64 0.1.2 25.63 42.60 68.23 NOTE
r-release-windows-ix86+x86_64 0.1.2 64.00 104.00 168.00 OK
r-release-osx-x86_64 0.1.2 OK
r-oldrel-windows-ix86+x86_64 0.1.2 64.00 100.00 164.00 OK
r-oldrel-osx-x86_64 0.1.2 OK

Check Details

Version: 0.1.2
Check: compiled code
Result: NOTE
    File ‘DiffusionRimp/libs/DiffusionRimp.so’:
     Found no calls to: ‘R_registerRoutines’, ‘R_useDynamicSymbols’
    
    It is good practice to register native routines and to disable symbol
    search.
    
    See ‘Writing portable packages’ in the ‘Writing R Extensions’ manual.
Flavors: r-devel-linux-x86_64-debian-clang, r-devel-linux-x86_64-fedora-clang, r-devel-linux-x86_64-fedora-gcc, r-patched-linux-x86_64, r-release-linux-x86_64

Version: 0.1.2
Check: package dependencies
Result: ERROR
    Package required but not available: ‘rgl’
    
    Packages suggested but not available for checking:
     ‘DiffusionRgqd’ ‘DiffusionRjgqd’
    
    See section ‘The DESCRIPTION file’ in the ‘Writing R Extensions’
    manual.
Flavor: r-devel-linux-x86_64-debian-gcc