CRAN Package Check Results for Package DiffusionRimp

Last updated on 2018-08-20 09:47:35 CEST.

Flavor Version Tinstall Tcheck Ttotal Status Flags
r-devel-linux-x86_64-debian-clang 0.1.2 25.67 46.74 72.41 NOTE
r-devel-linux-x86_64-debian-gcc 0.1.2 20.02 37.89 57.91 NOTE
r-devel-linux-x86_64-fedora-clang 0.1.2 92.34 NOTE
r-devel-linux-x86_64-fedora-gcc 0.1.2 88.06 NOTE
r-devel-windows-ix86+x86_64 0.1.2 59.00 111.00 170.00 OK
r-patched-linux-x86_64 0.1.2 27.91 44.11 72.02 NOTE
r-patched-solaris-x86 0.1.2 104.10 OK
r-release-linux-x86_64 0.1.2 26.42 44.10 70.52 NOTE
r-release-windows-ix86+x86_64 0.1.2 65.00 114.00 179.00 OK
r-release-osx-x86_64 0.1.2 OK
r-oldrel-windows-ix86+x86_64 0.1.2 40.00 80.00 120.00 OK
r-oldrel-osx-x86_64 0.1.2 OK

Check Details

Version: 0.1.2
Check: compiled code
Result: NOTE
    File ‘DiffusionRimp/libs/DiffusionRimp.so’:
     Found no calls to: ‘R_registerRoutines’, ‘R_useDynamicSymbols’
    
    It is good practice to register native routines and to disable symbol
    search.
    
    See ‘Writing portable packages’ in the ‘Writing R Extensions’ manual.
Flavors: r-devel-linux-x86_64-debian-clang, r-devel-linux-x86_64-debian-gcc, r-devel-linux-x86_64-fedora-clang, r-devel-linux-x86_64-fedora-gcc, r-patched-linux-x86_64, r-release-linux-x86_64