CRAN Package Check Results for Package DiffusionRjgqd

Last updated on 2018-02-25 03:54:50 CET.

Flavor Version Tinstall Tcheck Ttotal Status Flags
r-devel-linux-x86_64-debian-clang 0.1.1 32.05 175.18 207.23 NOTE
r-devel-linux-x86_64-debian-gcc 0.1.1 23.71 124.51 148.22 NOTE
r-devel-linux-x86_64-fedora-clang 0.1.1 250.40 NOTE
r-devel-linux-x86_64-fedora-gcc 0.1.1 239.08 NOTE
r-devel-windows-ix86+x86_64 0.1.1 76.00 247.00 323.00 NOTE
r-patched-linux-x86_64 0.1.1 17.79 205.88 223.67 NOTE
r-patched-solaris-x86 0.1.1 327.40 NOTE
r-release-linux-x86_64 0.1.1 18.36 212.52 230.88 NOTE
r-release-windows-ix86+x86_64 0.1.1 63.00 276.00 339.00 NOTE
r-release-osx-x86_64 0.1.1 NOTE
r-oldrel-windows-ix86+x86_64 0.1.1 46.00 215.00 261.00 NOTE
r-oldrel-osx-x86_64 0.1.1 NOTE

Check Details

Version: 0.1.1
Check: compiled code
Result: NOTE
    File ‘DiffusionRjgqd/libs/DiffusionRjgqd.so’:
     Found no calls to: ‘R_registerRoutines’, ‘R_useDynamicSymbols’
    
    It is good practice to register native routines and to disable symbol
    search.
    
    See ‘Writing portable packages’ in the ‘Writing R Extensions’ manual.
Flavors: r-devel-linux-x86_64-debian-clang, r-devel-linux-x86_64-debian-gcc, r-devel-linux-x86_64-fedora-clang, r-devel-linux-x86_64-fedora-gcc, r-patched-linux-x86_64, r-release-linux-x86_64

Version: 0.1.1
Check: installed package size
Result: NOTE
     installed size is 6.8Mb
     sub-directories of 1Mb or more:
     doc 5.6Mb
Flavors: r-devel-linux-x86_64-fedora-clang, r-devel-linux-x86_64-fedora-gcc, r-devel-windows-ix86+x86_64, r-patched-solaris-x86, r-release-windows-ix86+x86_64, r-release-osx-x86_64, r-oldrel-windows-ix86+x86_64, r-oldrel-osx-x86_64