CRAN Package Check Results for Package DiffusionRjgqd

Last updated on 2019-02-17 21:47:30 CET.

Flavor Version Tinstall Tcheck Ttotal Status Flags
r-devel-linux-x86_64-debian-clang 0.1.1 34.85 173.67 208.52 OK
r-devel-linux-x86_64-debian-gcc 0.1.1 25.04 132.78 157.82 OK
r-devel-linux-x86_64-fedora-clang 0.1.1 266.69 NOTE
r-devel-linux-x86_64-fedora-gcc 0.1.1 250.40 NOTE
r-devel-windows-ix86+x86_64 0.1.1 77.00 223.00 300.00 NOTE
r-patched-linux-x86_64 0.1.1 31.42 159.51 190.93 OK
r-patched-solaris-x86 0.1.1 327.70 NOTE
r-release-linux-x86_64 0.1.1 OK
r-release-windows-ix86+x86_64 0.1.1 50.00 190.00 240.00 NOTE
r-release-osx-x86_64 0.1.1 NOTE
r-oldrel-windows-ix86+x86_64 0.1.1 48.00 254.00 302.00 NOTE
r-oldrel-osx-x86_64 0.1.1 NOTE

Check Details

Version: 0.1.1
Check: installed package size
Result: NOTE
     installed size is 6.8Mb
     sub-directories of 1Mb or more:
     doc 5.6Mb
Flavors: r-devel-linux-x86_64-fedora-clang, r-devel-windows-ix86+x86_64, r-patched-solaris-x86, r-release-windows-ix86+x86_64, r-release-osx-x86_64, r-oldrel-windows-ix86+x86_64, r-oldrel-osx-x86_64

Version: 0.1.1
Check: compiled code
Result: NOTE
    File ‘DiffusionRjgqd/libs/DiffusionRjgqd.so’:
     Found no calls to: ‘R_registerRoutines’, ‘R_useDynamicSymbols’
    
    It is good practice to register native routines and to disable symbol
    search.
    
    See ‘Writing portable packages’ in the ‘Writing R Extensions’ manual.
Flavors: r-devel-linux-x86_64-fedora-clang, r-devel-linux-x86_64-fedora-gcc