CRAN Package Check Results for Package DiffusionRjgqd

Last updated on 2018-08-21 10:50:21 CEST.

Flavor Version Tinstall Tcheck Ttotal Status Flags
r-devel-linux-x86_64-debian-clang 0.1.1 32.49 175.43 207.92 NOTE
r-devel-linux-x86_64-debian-gcc 0.1.1 27.93 128.89 156.82 NOTE
r-devel-linux-x86_64-fedora-clang 0.1.1 254.88 NOTE
r-devel-linux-x86_64-fedora-gcc 0.1.1 243.87 NOTE
r-devel-windows-ix86+x86_64 0.1.1 82.00 251.00 333.00 NOTE
r-patched-linux-x86_64 0.1.1 33.41 166.33 199.74 NOTE
r-patched-solaris-x86 0.1.1 330.60 NOTE
r-release-linux-x86_64 0.1.1 39.27 161.25 200.52 NOTE
r-release-windows-ix86+x86_64 0.1.1 78.00 195.00 273.00 NOTE
r-release-osx-x86_64 0.1.1 NOTE
r-oldrel-windows-ix86+x86_64 0.1.1 39.00 231.00 270.00 NOTE
r-oldrel-osx-x86_64 0.1.1 NOTE

Check Details

Version: 0.1.1
Check: compiled code
Result: NOTE
    File ‘DiffusionRjgqd/libs/DiffusionRjgqd.so’:
     Found no calls to: ‘R_registerRoutines’, ‘R_useDynamicSymbols’
    
    It is good practice to register native routines and to disable symbol
    search.
    
    See ‘Writing portable packages’ in the ‘Writing R Extensions’ manual.
Flavors: r-devel-linux-x86_64-debian-clang, r-devel-linux-x86_64-debian-gcc, r-devel-linux-x86_64-fedora-clang, r-devel-linux-x86_64-fedora-gcc, r-patched-linux-x86_64, r-release-linux-x86_64

Version: 0.1.1
Check: installed package size
Result: NOTE
     installed size is 6.8Mb
     sub-directories of 1Mb or more:
     doc 5.6Mb
Flavors: r-devel-linux-x86_64-fedora-clang, r-devel-windows-ix86+x86_64, r-patched-solaris-x86, r-release-windows-ix86+x86_64, r-release-osx-x86_64, r-oldrel-windows-ix86+x86_64, r-oldrel-osx-x86_64