CRAN Package Check Results for Package DiffusionRjgqd

Last updated on 2018-05-23 15:47:37 CEST.

Flavor Version Tinstall Tcheck Ttotal Status Flags
r-devel-linux-x86_64-debian-clang 0.1.1 32.65 173.21 205.86 NOTE
r-devel-linux-x86_64-debian-gcc 0.1.1 0.75 1.92 2.67 ERROR
r-devel-linux-x86_64-fedora-clang 0.1.1 253.41 NOTE
r-devel-linux-x86_64-fedora-gcc 0.1.1 238.85 NOTE
r-devel-windows-ix86+x86_64 0.1.1 61.00 252.00 313.00 NOTE
r-patched-linux-x86_64 0.1.1 30.21 166.21 196.42 NOTE
r-patched-solaris-x86 0.1.1 333.10 NOTE
r-release-linux-x86_64 0.1.1 36.34 167.80 204.14 NOTE
r-release-windows-ix86+x86_64 0.1.1 80.00 241.00 321.00 NOTE
r-release-osx-x86_64 0.1.1 NOTE
r-oldrel-windows-ix86+x86_64 0.1.1 67.00 289.00 356.00 NOTE
r-oldrel-osx-x86_64 0.1.1 NOTE

Check Details

Version: 0.1.1
Check: compiled code
Result: NOTE
    File ‘DiffusionRjgqd/libs/DiffusionRjgqd.so’:
     Found no calls to: ‘R_registerRoutines’, ‘R_useDynamicSymbols’
    
    It is good practice to register native routines and to disable symbol
    search.
    
    See ‘Writing portable packages’ in the ‘Writing R Extensions’ manual.
Flavors: r-devel-linux-x86_64-debian-clang, r-devel-linux-x86_64-fedora-clang, r-devel-linux-x86_64-fedora-gcc, r-patched-linux-x86_64, r-release-linux-x86_64

Version: 0.1.1
Check: package dependencies
Result: ERROR
    Package required but not available: ‘rgl’
    
    Package suggested but not available for checking: ‘DiffusionRgqd’
    
    See section ‘The DESCRIPTION file’ in the ‘Writing R Extensions’
    manual.
Flavor: r-devel-linux-x86_64-debian-gcc

Version: 0.1.1
Check: installed package size
Result: NOTE
     installed size is 6.8Mb
     sub-directories of 1Mb or more:
     doc 5.6Mb
Flavors: r-devel-linux-x86_64-fedora-clang, r-devel-linux-x86_64-fedora-gcc, r-devel-windows-ix86+x86_64, r-patched-solaris-x86, r-release-windows-ix86+x86_64, r-release-osx-x86_64, r-oldrel-windows-ix86+x86_64, r-oldrel-osx-x86_64