Last updated on 2022-05-19 09:53:11 CEST.
Flavor | Version | Tinstall | Tcheck | Ttotal | Status | Flags |
---|---|---|---|---|---|---|
r-devel-linux-x86_64-debian-clang | 2.0.1 | 47.23 | 261.00 | 308.23 | OK | |
r-devel-linux-x86_64-debian-gcc | 2.0.1 | 36.46 | 179.58 | 216.04 | OK | |
r-devel-linux-x86_64-fedora-clang | 2.0.1 | 359.92 | NOTE | |||
r-devel-linux-x86_64-fedora-gcc | 2.0.1 | 345.85 | OK | |||
r-devel-windows-x86_64 | 2.0.1 | 42.00 | 284.00 | 326.00 | OK | |
r-patched-linux-x86_64 | 2.0.1 | 28.19 | 239.24 | 267.43 | OK | |
r-release-linux-x86_64 | 2.0.1 | 29.26 | 243.29 | 272.55 | OK | |
r-release-macos-arm64 | 2.0.1 | 48.00 | OK | |||
r-release-macos-x86_64 | 2.0.1 | 127.00 | OK | |||
r-release-windows-x86_64 | 2.0.1 | 48.00 | 280.00 | 328.00 | OK | |
r-oldrel-macos-arm64 | 2.0.1 | 49.00 | OK | |||
r-oldrel-macos-x86_64 | 2.0.1 | 121.00 | OK | |||
r-oldrel-windows-ix86+x86_64 | 2.0.1 | 105.00 | 472.00 | 577.00 | OK |
Version: 2.0.1
Check: Rd cross-references
Result: NOTE
Undeclared package ‘minqa’ in Rd xrefs
Flavor: r-devel-linux-x86_64-fedora-clang