CRAN Package Check Results for Package DisaggregateTS

Last updated on 2022-12-01 04:51:49 CET.

Flavor Version Tinstall Tcheck Ttotal Status Flags
r-devel-linux-x86_64-debian-clang 2.0.0 7.76 70.15 77.91 NOTE
r-devel-linux-x86_64-debian-gcc 2.0.0 7.28 55.11 62.39 NOTE
r-devel-linux-x86_64-fedora-clang 2.0.0 108.72 NOTE
r-devel-linux-x86_64-fedora-gcc 2.0.0 107.27 NOTE
r-devel-windows-x86_64 2.0.0 21.00 102.00 123.00 NOTE
r-patched-linux-x86_64 2.0.0 7.27 68.13 75.40 OK
r-release-linux-x86_64 2.0.0 7.45 70.03 77.48 OK
r-release-macos-arm64 2.0.0 26.00 OK
r-release-macos-x86_64 2.0.0 47.00 OK
r-release-windows-x86_64 2.0.0 22.00 97.00 119.00 OK
r-oldrel-macos-arm64 2.0.0 25.00 OK
r-oldrel-macos-x86_64 2.0.0 40.00 OK
r-oldrel-windows-ix86+x86_64 2.0.0 17.00 95.00 112.00 OK

Check Details

Version: 2.0.0
Check: Rd files
Result: NOTE
    checkRd: (-1) TempDisaggDGP.Rd:79: Escaped LaTeX specials: \&
    checkRd: (-1) disaggregate.Rd:56: Escaped LaTeX specials: \&
Flavors: r-devel-linux-x86_64-debian-clang, r-devel-linux-x86_64-debian-gcc, r-devel-linux-x86_64-fedora-clang, r-devel-linux-x86_64-fedora-gcc, r-devel-windows-x86_64