CRAN Package Check Results for Package DiscreteFDR

Last updated on 2022-12-08 02:50:59 CET.

Flavor Version Tinstall Tcheck Ttotal Status Flags
r-devel-linux-x86_64-debian-clang 1.3.6 24.37 54.73 79.10 NOTE
r-devel-linux-x86_64-debian-gcc 1.3.6 19.91 41.70 61.61 NOTE
r-devel-linux-x86_64-fedora-clang 1.3.6 120.27 NOTE
r-devel-linux-x86_64-fedora-gcc 1.3.6 120.63 NOTE
r-devel-windows-x86_64 1.3.6 34.00 100.00 134.00 OK
r-patched-linux-x86_64 1.3.6 21.28 51.61 72.89 NOTE
r-release-linux-x86_64 1.3.6 20.39 49.84 70.23 NOTE
r-release-macos-arm64 1.3.6 31.00 OK
r-release-macos-x86_64 1.3.6 42.00 OK
r-release-windows-x86_64 1.3.6 45.00 101.00 146.00 OK
r-oldrel-macos-arm64 1.3.6 43.00 OK
r-oldrel-macos-x86_64 1.3.6 41.00 OK
r-oldrel-windows-ix86+x86_64 1.3.6 56.00 98.00 154.00 OK

Check Details

Version: 1.3.6
Check: package dependencies
Result: NOTE
    Package suggested but not available for checking: 'discreteMTP'
Flavors: r-devel-linux-x86_64-debian-clang, r-devel-linux-x86_64-debian-gcc, r-devel-linux-x86_64-fedora-clang, r-devel-linux-x86_64-fedora-gcc, r-patched-linux-x86_64, r-release-linux-x86_64

Version: 1.3.6
Check: Rd cross-references
Result: NOTE
    Unknown package 'discreteMTP' in Rd xrefs
Flavors: r-devel-linux-x86_64-debian-clang, r-devel-linux-x86_64-debian-gcc, r-devel-linux-x86_64-fedora-clang, r-devel-linux-x86_64-fedora-gcc, r-patched-linux-x86_64, r-release-linux-x86_64