CRAN Package Check Results for Package DiscreteFDR

Last updated on 2022-08-09 03:52:58 CEST.

Flavor Version Tinstall Tcheck Ttotal Status Flags
r-devel-linux-x86_64-debian-clang 1.3.6 25.85 52.63 78.48 NOTE
r-devel-linux-x86_64-debian-gcc 1.3.6 19.09 39.91 59.00 NOTE
r-devel-linux-x86_64-fedora-clang 1.3.6 114.39 NOTE
r-devel-linux-x86_64-fedora-gcc 1.3.6 106.11 NOTE
r-devel-windows-x86_64 1.3.6 42.00 94.00 136.00 OK
r-patched-linux-x86_64 1.3.6 19.09 49.42 68.51 NOTE
r-release-linux-x86_64 1.3.6 NOTE
r-release-macos-arm64 1.3.6 31.00 OK
r-release-macos-x86_64 1.3.6 42.00 OK
r-release-windows-x86_64 1.3.6 41.00 95.00 136.00 OK
r-oldrel-macos-arm64 1.3.6 43.00 OK
r-oldrel-macos-x86_64 1.3.6 41.00 OK
r-oldrel-windows-ix86+x86_64 1.3.6 56.00 95.00 151.00 OK

Check Details

Version: 1.3.6
Check: package dependencies
Result: NOTE
    Package suggested but not available for checking: 'discreteMTP'
Flavors: r-devel-linux-x86_64-debian-clang, r-devel-linux-x86_64-debian-gcc, r-devel-linux-x86_64-fedora-clang, r-devel-linux-x86_64-fedora-gcc, r-patched-linux-x86_64, r-release-linux-x86_64

Version: 1.3.6
Check: Rd cross-references
Result: NOTE
    Unknown package 'discreteMTP' in Rd xrefs
Flavors: r-devel-linux-x86_64-debian-clang, r-devel-linux-x86_64-debian-gcc, r-devel-linux-x86_64-fedora-clang, r-devel-linux-x86_64-fedora-gcc, r-patched-linux-x86_64, r-release-linux-x86_64