CRAN Package Check Results for Package DistributionOptimization

Last updated on 2024-07-14 21:48:09 CEST.

Flavor Version Tinstall Tcheck Ttotal Status Flags
r-devel-linux-x86_64-debian-clang 1.2.6 6.87 67.07 73.94 NOTE
r-devel-linux-x86_64-debian-gcc 1.2.6 7.32 50.93 58.25 NOTE
r-devel-linux-x86_64-fedora-clang 1.2.6 99.27 NOTE
r-devel-linux-x86_64-fedora-gcc 1.2.6 88.74 NOTE
r-devel-windows-x86_64 1.2.6 10.00 66.00 76.00 NOTE
r-patched-linux-x86_64 1.2.6 7.91 65.10 73.01 NOTE
r-release-linux-x86_64 1.2.6 5.30 63.86 69.16 NOTE
r-release-macos-arm64 1.2.6 31.00 NOTE
r-release-macos-x86_64 1.2.6 44.00 NOTE
r-release-windows-x86_64 1.2.6 9.00 70.00 79.00 NOTE
r-oldrel-macos-arm64 1.2.6 29.00 NOTE
r-oldrel-macos-x86_64 1.2.6 43.00 NOTE
r-oldrel-windows-x86_64 1.2.6 11.00 77.00 88.00 NOTE

Check Details

Version: 1.2.6
Check: LazyData
Result: NOTE 'LazyData' is specified without a 'data' directory Flavors: r-devel-linux-x86_64-debian-clang, r-devel-linux-x86_64-debian-gcc, r-devel-linux-x86_64-fedora-clang, r-devel-linux-x86_64-fedora-gcc, r-devel-windows-x86_64, r-patched-linux-x86_64, r-release-linux-x86_64, r-release-macos-arm64, r-release-macos-x86_64, r-release-windows-x86_64, r-oldrel-macos-arm64, r-oldrel-macos-x86_64, r-oldrel-windows-x86_64