CRAN Package Check Results for Package DiversityOccupancy

Last updated on 2018-02-24 02:50:37 CET.

Flavor Version Tinstall Tcheck Ttotal Status Flags
r-devel-linux-x86_64-debian-clang 1.0.6 10.65 122.87 133.52 OK
r-devel-linux-x86_64-debian-gcc 1.0.6 8.57 102.60 111.17 OK
r-devel-linux-x86_64-fedora-clang 1.0.6 164.52 OK
r-devel-linux-x86_64-fedora-gcc 1.0.6 166.89 OK
r-devel-windows-ix86+x86_64 1.0.6 30.00 179.00 209.00 OK
r-patched-linux-x86_64 1.0.6 10.55 130.12 140.67 OK
r-patched-solaris-x86 1.0.6 244.40 OK
r-release-linux-x86_64 1.0.6 10.78 130.95 141.73 OK
r-release-windows-ix86+x86_64 1.0.6 29.00 174.00 203.00 OK
r-release-osx-x86_64 1.0.6 NOTE
r-oldrel-windows-ix86+x86_64 1.0.6 20.00 132.00 152.00 OK
r-oldrel-osx-x86_64 1.0.6 OK

Check Details

Version: 1.0.6
Check: package dependencies
Result: NOTE
    Package suggested but not available for checking: ‘rgdal’
Flavor: r-release-osx-x86_64