CRAN Package Check Results for Package DiversityOccupancy

Last updated on 2018-08-21 08:48:49 CEST.

Flavor Version Tinstall Tcheck Ttotal Status Flags
r-devel-linux-x86_64-debian-clang 1.0.6 14.56 158.49 173.05 OK
r-devel-linux-x86_64-debian-gcc 1.0.6 12.37 127.46 139.83 OK
r-devel-linux-x86_64-fedora-clang 1.0.6 199.57 OK
r-devel-linux-x86_64-fedora-gcc 1.0.6 193.34 OK
r-devel-windows-ix86+x86_64 1.0.6 32.00 212.00 244.00 OK
r-patched-linux-x86_64 1.0.6 10.26 130.73 140.99 OK
r-patched-solaris-x86 1.0.6 251.20 OK
r-release-linux-x86_64 1.0.6 12.25 127.65 139.90 OK
r-release-windows-ix86+x86_64 1.0.6 30.00 179.00 209.00 OK
r-release-osx-x86_64 1.0.6 OK
r-oldrel-windows-ix86+x86_64 1.0.6 19.00 139.00 158.00 OK
r-oldrel-osx-x86_64 1.0.6 NOTE

Check Details

Version: 1.0.6
Check: package dependencies
Result: NOTE
    Package suggested but not available for checking: ‘rgdal’
Flavor: r-oldrel-osx-x86_64