Last updated on 2019-02-15 20:46:46 CET.
Flavor | Version | Tinstall | Tcheck | Ttotal | Status | Flags |
---|---|---|---|---|---|---|
r-devel-linux-x86_64-debian-clang | 1.0.6 | 12.34 | 151.20 | 163.54 | OK | |
r-devel-linux-x86_64-debian-gcc | 1.0.6 | 10.10 | 119.29 | 129.39 | OK | |
r-devel-linux-x86_64-fedora-clang | 1.0.6 | 206.07 | OK | |||
r-devel-linux-x86_64-fedora-gcc | 1.0.6 | 193.95 | OK | |||
r-devel-windows-ix86+x86_64 | 1.0.6 | 33.00 | 388.00 | 421.00 | OK | |
r-patched-linux-x86_64 | 1.0.6 | 11.73 | 144.11 | 155.84 | OK | |
r-patched-solaris-x86 | 1.0.6 | 275.20 | OK | |||
r-release-linux-x86_64 | 1.0.6 | 12.03 | 142.05 | 154.08 | OK | |
r-release-windows-ix86+x86_64 | 1.0.6 | 22.00 | 131.00 | 153.00 | OK | |
r-release-osx-x86_64 | 1.0.6 | OK | ||||
r-oldrel-windows-ix86+x86_64 | 1.0.6 | 41.00 | 311.00 | 352.00 | OK | |
r-oldrel-osx-x86_64 | 1.0.6 | NOTE |
Version: 1.0.6
Check: package dependencies
Result: NOTE
Package suggested but not available for checking: ‘rgdal’
Flavor: r-oldrel-osx-x86_64