CRAN Package Check Results for Package DiversityOccupancy

Last updated on 2018-11-15 06:47:19 CET.

Flavor Version Tinstall Tcheck Ttotal Status Flags
r-devel-linux-x86_64-debian-clang 1.0.6 14.46 174.00 188.46 OK
r-devel-linux-x86_64-debian-gcc 1.0.6 12.50 135.09 147.59 OK
r-devel-linux-x86_64-fedora-clang 1.0.6 217.44 OK
r-devel-linux-x86_64-fedora-gcc 1.0.6 211.90 OK
r-devel-windows-ix86+x86_64 1.0.6 21.00 159.00 180.00 OK
r-patched-linux-x86_64 1.0.6 10.42 137.95 148.37 OK
r-patched-solaris-x86 1.0.6 265.40 OK
r-release-linux-x86_64 1.0.6 13.05 136.96 150.01 OK
r-release-windows-ix86+x86_64 1.0.6 29.00 189.00 218.00 OK
r-release-osx-x86_64 1.0.6 OK
r-oldrel-windows-ix86+x86_64 1.0.6 35.00 198.00 233.00 OK
r-oldrel-osx-x86_64 1.0.6 NOTE

Check Details

Version: 1.0.6
Check: package dependencies
Result: NOTE
    Package suggested but not available for checking: ‘rgdal’
Flavor: r-oldrel-osx-x86_64