CRAN Package Check Results for Package DoE.MIParray

Last updated on 2022-08-15 13:51:57 CEST.

Flavor Version Tinstall Tcheck Ttotal Status Flags
r-devel-linux-x86_64-debian-clang 1.0 9.16 55.50 64.66 NOTE
r-devel-linux-x86_64-debian-gcc 1.0 6.24 42.56 48.80 NOTE
r-devel-linux-x86_64-fedora-clang 1.0 85.41 NOTE
r-devel-linux-x86_64-fedora-gcc 1.0 85.33 NOTE
r-devel-windows-x86_64 1.0 27.00 79.00 106.00 NOTE
r-patched-linux-x86_64 1.0 9.23 53.36 62.59 NOTE
r-release-linux-x86_64 1.0 8.41 54.09 62.50 NOTE
r-release-macos-arm64 1.0 23.00 NOTE
r-release-macos-x86_64 1.0 33.00 NOTE
r-release-windows-x86_64 1.0 24.00 79.00 103.00 NOTE
r-oldrel-macos-arm64 1.0 25.00 NOTE
r-oldrel-macos-x86_64 1.0 33.00 NOTE
r-oldrel-windows-ix86+x86_64 1.0 16.00 77.00 93.00 NOTE

Check Details

Version: 1.0
Check: package dependencies
Result: NOTE
    Package which this enhances but not available for checking: 'gurobi'
Flavors: r-devel-linux-x86_64-debian-clang, r-devel-linux-x86_64-debian-gcc, r-devel-linux-x86_64-fedora-clang, r-devel-linux-x86_64-fedora-gcc, r-devel-windows-x86_64, r-patched-linux-x86_64, r-release-linux-x86_64, r-release-macos-arm64, r-release-macos-x86_64, r-release-windows-x86_64, r-oldrel-macos-arm64, r-oldrel-macos-x86_64, r-oldrel-windows-ix86+x86_64