CRAN Package Check Results for Package DriftBurstHypothesis

Last updated on 2019-12-08 23:47:21 CET.

Flavor Version Tinstall Tcheck Ttotal Status Flags
r-devel-linux-x86_64-debian-clang 0.3.0 44.00 36.34 80.34 OK
r-devel-linux-x86_64-debian-gcc 0.3.0 30.74 35.46 66.20 OK
r-devel-linux-x86_64-fedora-clang 0.3.0 106.46 OK
r-devel-linux-x86_64-fedora-gcc 0.3.0 101.71 OK
r-devel-windows-ix86+x86_64 0.3.0 129.00 118.00 247.00 ERROR
r-devel-windows-ix86+x86_64-gcc8 0.3.0 97.00 88.00 185.00 OK
r-patched-linux-x86_64 0.3.0 37.01 41.40 78.41 OK
r-patched-solaris-x86 0.3.0 123.80 OK
r-release-linux-x86_64 0.3.0 34.98 44.70 79.68 OK
r-release-windows-ix86+x86_64 0.3.0 111.00 113.00 224.00 OK
r-release-osx-x86_64 0.3.0 OK
r-oldrel-windows-ix86+x86_64 0.3.0 76.00 83.00 159.00 OK
r-oldrel-osx-x86_64 0.3.0 OK

Check Details

Version: 0.3.0
Check: running tests for arch ‘i386’
Result: ERROR
     Running 'testthat.R' [0s]
Flavor: r-devel-windows-ix86+x86_64