CRAN Package Check Results for Package DtD

Last updated on 2024-02-28 02:58:03 CET.

Flavor Version Tinstall Tcheck Ttotal Status Flags
r-devel-linux-x86_64-debian-clang 0.2.2 93.28 58.64 151.92 NOTE
r-devel-linux-x86_64-debian-gcc 0.2.2 70.25 44.59 114.84 NOTE
r-devel-linux-x86_64-fedora-clang 0.2.2 242.43 NOTE
r-devel-linux-x86_64-fedora-gcc 0.2.2 234.99 NOTE
r-devel-windows-x86_64 0.2.2 73.00 111.00 184.00 NOTE
r-patched-linux-x86_64 0.2.2 91.85 56.44 148.29 NOTE
r-release-linux-x86_64 0.2.2 96.16 57.29 153.45 NOTE
r-release-macos-arm64 0.2.2 65.00 NOTE
r-release-macos-x86_64 0.2.2 102.00 NOTE
r-release-windows-x86_64 0.2.2 90.00 118.00 208.00 NOTE
r-oldrel-macos-arm64 0.2.2 58.00 NOTE
r-oldrel-windows-x86_64 0.2.2 88.00 117.00 205.00 NOTE

Check Details

Version: 0.2.2
Check: C++ specification
Result: NOTE Specified C++11: please drop specification unless essential Flavors: r-devel-linux-x86_64-debian-clang, r-devel-linux-x86_64-debian-gcc, r-devel-linux-x86_64-fedora-clang, r-devel-linux-x86_64-fedora-gcc, r-devel-windows-x86_64, r-patched-linux-x86_64, r-release-linux-x86_64, r-release-macos-arm64, r-release-macos-x86_64, r-release-windows-x86_64

Version: 0.2.2
Check: LazyData
Result: NOTE 'LazyData' is specified without a 'data' directory Flavors: r-devel-linux-x86_64-debian-clang, r-devel-linux-x86_64-debian-gcc, r-devel-linux-x86_64-fedora-clang, r-devel-linux-x86_64-fedora-gcc, r-devel-windows-x86_64, r-patched-linux-x86_64, r-release-linux-x86_64, r-release-macos-arm64, r-release-macos-x86_64, r-release-windows-x86_64, r-oldrel-macos-arm64, r-oldrel-windows-x86_64