Last updated on 2022-05-28 13:51:19 CEST.
Flavor | Version | Tinstall | Tcheck | Ttotal | Status | Flags |
---|---|---|---|---|---|---|
r-devel-linux-x86_64-debian-clang | 0.2.2 | 87.48 | 66.76 | 154.24 | NOTE | |
r-devel-linux-x86_64-debian-gcc | 0.2.2 | 65.08 | 51.29 | 116.37 | NOTE | |
r-devel-linux-x86_64-fedora-clang | 0.2.2 | 222.85 | NOTE | |||
r-devel-linux-x86_64-fedora-gcc | 0.2.2 | 197.43 | NOTE | |||
r-devel-windows-x86_64 | 0.2.2 | 80.00 | 133.00 | 213.00 | NOTE | |
r-patched-linux-x86_64 | 0.2.2 | 79.21 | 65.31 | 144.52 | NOTE | |
r-release-linux-x86_64 | 0.2.2 | 73.18 | 64.40 | 137.58 | NOTE | |
r-release-macos-arm64 | 0.2.2 | 52.00 | NOTE | |||
r-release-macos-x86_64 | 0.2.2 | 69.00 | NOTE | |||
r-release-windows-x86_64 | 0.2.2 | 77.00 | 133.00 | 210.00 | NOTE | |
r-oldrel-macos-arm64 | 0.2.2 | 62.00 | NOTE | |||
r-oldrel-macos-x86_64 | 0.2.2 | 105.00 | NOTE | |||
r-oldrel-windows-ix86+x86_64 | 0.2.2 | 227.00 | 158.00 | 385.00 | NOTE |
Version: 0.2.2
Check: LazyData
Result: NOTE
'LazyData' is specified without a 'data' directory
Flavors: r-devel-linux-x86_64-debian-clang, r-devel-linux-x86_64-debian-gcc, r-devel-linux-x86_64-fedora-clang, r-devel-linux-x86_64-fedora-gcc, r-devel-windows-x86_64, r-patched-linux-x86_64, r-release-linux-x86_64, r-release-macos-arm64, r-release-macos-x86_64, r-release-windows-x86_64, r-oldrel-macos-arm64, r-oldrel-macos-x86_64, r-oldrel-windows-ix86+x86_64