CRAN Package Check Results for Package EBglmnet

Last updated on 2018-02-25 01:50:39 CET.

Flavor Version Tinstall Tcheck Ttotal Status Flags
r-devel-linux-x86_64-debian-clang 4.1 10.66 75.82 86.48 NOTE
r-devel-linux-x86_64-debian-gcc 4.1 9.69 59.22 68.91 NOTE
r-devel-linux-x86_64-fedora-clang 4.1 105.89 NOTE
r-devel-linux-x86_64-fedora-gcc 4.1 111.79 NOTE
r-devel-windows-ix86+x86_64 4.1 39.00 118.00 157.00 OK
r-patched-linux-x86_64 4.1 10.87 85.03 95.90 NOTE
r-patched-solaris-x86 4.1 256.20 OK
r-release-linux-x86_64 4.1 10.38 84.76 95.14 NOTE
r-release-windows-ix86+x86_64 4.1 27.00 120.00 147.00 OK
r-release-osx-x86_64 4.1 OK
r-oldrel-windows-ix86+x86_64 4.1 26.00 100.00 126.00 OK
r-oldrel-osx-x86_64 4.1 OK

Check Details

Version: 4.1
Check: compiled code
Result: NOTE
    File ‘EBglmnet/libs/EBglmnet.so’:
     Found no calls to: ‘R_registerRoutines’, ‘R_useDynamicSymbols’
    
    It is good practice to register native routines and to disable symbol
    search.
    
    See ‘Writing portable packages’ in the ‘Writing R Extensions’ manual.
Flavors: r-devel-linux-x86_64-debian-clang, r-devel-linux-x86_64-debian-gcc, r-devel-linux-x86_64-fedora-clang, r-devel-linux-x86_64-fedora-gcc, r-patched-linux-x86_64, r-release-linux-x86_64