CRAN Package Check Results for Package EBglmnet

Last updated on 2018-11-17 15:47:22 CET.

Flavor Version Tinstall Tcheck Ttotal Status Flags
r-devel-linux-x86_64-debian-clang 4.1 11.84 79.27 91.11 OK
r-devel-linux-x86_64-debian-gcc 4.1 8.46 62.64 71.10 OK
r-devel-linux-x86_64-fedora-clang 4.1 110.50 NOTE
r-devel-linux-x86_64-fedora-gcc 4.1 107.33 NOTE
r-devel-windows-ix86+x86_64 4.1 33.00 131.00 164.00 OK
r-patched-linux-x86_64 4.1 10.62 77.17 87.79 OK
r-patched-solaris-x86 4.1 264.90 OK
r-release-linux-x86_64 4.1 10.15 77.37 87.52 OK
r-release-windows-ix86+x86_64 4.1 34.00 121.00 155.00 OK
r-release-osx-x86_64 4.1 OK
r-oldrel-windows-ix86+x86_64 4.1 43.00 129.00 172.00 OK
r-oldrel-osx-x86_64 4.1 OK

Check Details

Version: 4.1
Check: compiled code
Result: NOTE
    File ‘EBglmnet/libs/EBglmnet.so’:
     Found no calls to: ‘R_registerRoutines’, ‘R_useDynamicSymbols’
    
    It is good practice to register native routines and to disable symbol
    search.
    
    See ‘Writing portable packages’ in the ‘Writing R Extensions’ manual.
Flavors: r-devel-linux-x86_64-fedora-clang, r-devel-linux-x86_64-fedora-gcc