CRAN Package Check Results for Package EBglmnet

Last updated on 2019-02-16 13:46:18 CET.

Flavor Version Tinstall Tcheck Ttotal Status Flags
r-devel-linux-x86_64-debian-clang 4.1 10.51 79.71 90.22 OK
r-devel-linux-x86_64-debian-gcc 4.1 8.56 62.99 71.55 OK
r-devel-linux-x86_64-fedora-clang 4.1 116.18 NOTE
r-devel-linux-x86_64-fedora-gcc 4.1 112.38 NOTE
r-devel-windows-ix86+x86_64 4.1 49.00 124.00 173.00 OK
r-patched-linux-x86_64 4.1 9.42 77.32 86.74 OK
r-patched-solaris-x86 4.1 262.90 OK
r-release-linux-x86_64 4.1 OK
r-release-windows-ix86+x86_64 4.1 24.00 89.00 113.00 OK
r-release-osx-x86_64 4.1 OK
r-oldrel-windows-ix86+x86_64 4.1 33.00 167.00 200.00 OK
r-oldrel-osx-x86_64 4.1 OK

Check Details

Version: 4.1
Check: compiled code
Result: NOTE
    File ‘EBglmnet/libs/EBglmnet.so’:
     Found no calls to: ‘R_registerRoutines’, ‘R_useDynamicSymbols’
    
    It is good practice to register native routines and to disable symbol
    search.
    
    See ‘Writing portable packages’ in the ‘Writing R Extensions’ manual.
Flavors: r-devel-linux-x86_64-fedora-clang, r-devel-linux-x86_64-fedora-gcc