CRAN Package Check Results for Package EBglmnet

Last updated on 2018-05-25 22:47:39 CEST.

Flavor Version Tinstall Tcheck Ttotal Status Flags
r-devel-linux-x86_64-debian-clang 4.1 11.14 77.36 88.50 NOTE
r-devel-linux-x86_64-debian-gcc 4.1 9.92 60.60 70.52 NOTE
r-devel-linux-x86_64-fedora-clang 4.1 106.92 NOTE
r-devel-linux-x86_64-fedora-gcc 4.1 106.63 NOTE
r-devel-windows-ix86+x86_64 4.1 27.00 120.00 147.00 OK
r-patched-linux-x86_64 4.1 11.36 77.01 88.37 NOTE
r-patched-solaris-x86 4.1 264.60 OK
r-release-linux-x86_64 4.1 12.81 76.72 89.53 NOTE
r-release-windows-ix86+x86_64 4.1 35.00 125.00 160.00 OK
r-release-osx-x86_64 4.1 OK
r-oldrel-windows-ix86+x86_64 4.1 36.00 101.00 137.00 OK
r-oldrel-osx-x86_64 4.1 OK

Check Details

Version: 4.1
Check: compiled code
Result: NOTE
    File ‘EBglmnet/libs/EBglmnet.so’:
     Found no calls to: ‘R_registerRoutines’, ‘R_useDynamicSymbols’
    
    It is good practice to register native routines and to disable symbol
    search.
    
    See ‘Writing portable packages’ in the ‘Writing R Extensions’ manual.
Flavors: r-devel-linux-x86_64-debian-clang, r-devel-linux-x86_64-debian-gcc, r-devel-linux-x86_64-fedora-clang, r-devel-linux-x86_64-fedora-gcc, r-patched-linux-x86_64, r-release-linux-x86_64