CRAN Package Check Results for Package EBglmnet

Last updated on 2018-08-19 09:48:01 CEST.

Flavor Version Tinstall Tcheck Ttotal Status Flags
r-devel-linux-x86_64-debian-clang 4.1 10.16 78.48 88.64 NOTE
r-devel-linux-x86_64-debian-gcc 4.1 8.73 62.24 70.97 NOTE
r-devel-linux-x86_64-fedora-clang 4.1 110.27 NOTE
r-devel-linux-x86_64-fedora-gcc 4.1 107.56 NOTE
r-devel-windows-ix86+x86_64 4.1 33.00 118.00 151.00 OK
r-patched-linux-x86_64 4.1 10.03 79.25 89.28 NOTE
r-patched-solaris-x86 4.1 264.80 OK
r-release-linux-x86_64 4.1 10.11 78.86 88.97 NOTE
r-release-windows-ix86+x86_64 4.1 36.00 117.00 153.00 OK
r-release-osx-x86_64 4.1 OK
r-oldrel-windows-ix86+x86_64 4.1 26.00 120.00 146.00 OK
r-oldrel-osx-x86_64 4.1 OK

Check Details

Version: 4.1
Check: compiled code
Result: NOTE
    File ‘EBglmnet/libs/EBglmnet.so’:
     Found no calls to: ‘R_registerRoutines’, ‘R_useDynamicSymbols’
    
    It is good practice to register native routines and to disable symbol
    search.
    
    See ‘Writing portable packages’ in the ‘Writing R Extensions’ manual.
Flavors: r-devel-linux-x86_64-debian-clang, r-devel-linux-x86_64-debian-gcc, r-devel-linux-x86_64-fedora-clang, r-devel-linux-x86_64-fedora-gcc, r-patched-linux-x86_64, r-release-linux-x86_64