CRAN Package Check Results for Package EBrank

Last updated on 2025-01-20 14:49:22 CET.

Flavor Version Tinstall Tcheck Ttotal Status Flags
r-devel-linux-x86_64-debian-clang 1.0.0 1.66 18.41 20.07 OK
r-devel-linux-x86_64-debian-gcc 1.0.0 1.77 14.85 16.62 OK
r-devel-linux-x86_64-fedora-clang 1.0.0 33.31 OK
r-devel-linux-x86_64-fedora-gcc 1.0.0 31.10 OK
r-devel-windows-x86_64 1.0.0 2.00 37.00 39.00 OK
r-patched-linux-x86_64 1.0.0 1.75 17.50 19.25 NOTE
r-release-linux-x86_64 1.0.0 1.93 17.64 19.57 NOTE
r-release-macos-arm64 1.0.0 15.00 NOTE
r-release-macos-x86_64 1.0.0 22.00 NOTE
r-release-windows-x86_64 1.0.0 2.00 36.00 38.00 NOTE
r-oldrel-macos-arm64 1.0.0 15.00 NOTE
r-oldrel-macos-x86_64 1.0.0 20.00 NOTE
r-oldrel-windows-x86_64 1.0.0 3.00 35.00 38.00 NOTE

Check Details

Version: 1.0.0
Check: LazyData
Result: NOTE 'LazyData' is specified without a 'data' directory Flavors: r-patched-linux-x86_64, r-release-linux-x86_64, r-release-macos-arm64, r-release-macos-x86_64, r-release-windows-x86_64, r-oldrel-macos-arm64, r-oldrel-macos-x86_64, r-oldrel-windows-x86_64