CRAN Package Check Results for Package ECOSolveR

Last updated on 2019-10-23 08:51:33 CEST.

Flavor Version Tinstall Tcheck Ttotal Status Flags
r-devel-linux-x86_64-debian-clang 0.5.2 15.82 30.45 46.27 NOTE
r-devel-linux-x86_64-debian-gcc 0.5.2 8.69 24.51 33.20 NOTE
r-devel-linux-x86_64-fedora-clang 0.5.2 57.94 NOTE
r-devel-linux-x86_64-fedora-gcc 0.5.2 51.75 NOTE
r-devel-windows-ix86+x86_64 0.5.2 148.00 61.00 209.00 NOTE
r-patched-linux-x86_64 0.5.2 9.87 30.00 39.87 NOTE
r-patched-solaris-x86 0.5.2 88.60 NOTE
r-release-linux-x86_64 0.5.2 9.66 30.01 39.67 NOTE
r-release-windows-ix86+x86_64 0.5.2 79.00 76.00 155.00 NOTE
r-release-osx-x86_64 0.5.2 NOTE
r-oldrel-windows-ix86+x86_64 0.5.2 72.00 79.00 151.00 NOTE
r-oldrel-osx-x86_64 0.5.2 NOTE

Check Details

Version: 0.5.2
Check: for GNU extensions in Makefiles
Result: NOTE
    GNU make is a SystemRequirements.
Flavors: r-devel-linux-x86_64-debian-clang, r-devel-linux-x86_64-debian-gcc, r-devel-linux-x86_64-fedora-clang, r-devel-linux-x86_64-fedora-gcc, r-devel-windows-ix86+x86_64, r-patched-linux-x86_64, r-patched-solaris-x86, r-release-linux-x86_64, r-release-windows-ix86+x86_64, r-release-osx-x86_64, r-oldrel-windows-ix86+x86_64, r-oldrel-osx-x86_64