CRAN Package Check Results for Package ECOSolveR

Last updated on 2022-09-25 03:54:29 CEST.

Flavor Version Tinstall Tcheck Ttotal Status Flags
r-devel-linux-x86_64-debian-clang 0.5.4 15.24 40.80 56.04 NOTE
r-devel-linux-x86_64-debian-gcc 0.5.4 12.34 31.83 44.17 NOTE
r-devel-linux-x86_64-fedora-clang 0.5.4 79.58 NOTE
r-devel-linux-x86_64-fedora-gcc 0.5.4 79.89 NOTE
r-devel-windows-x86_64 0.5.4 152.00 78.00 230.00 NOTE
r-patched-linux-x86_64 0.5.4 11.30 38.20 49.50 NOTE
r-release-linux-x86_64 0.5.4 11.70 38.48 50.18 NOTE
r-release-macos-arm64 0.5.4 27.00 NOTE
r-release-macos-x86_64 0.5.4 41.00 NOTE
r-release-windows-x86_64 0.5.4 136.00 78.00 214.00 NOTE
r-oldrel-macos-arm64 0.5.4 54.00 NOTE
r-oldrel-macos-x86_64 0.5.4 58.00 NOTE
r-oldrel-windows-ix86+x86_64 0.5.4 67.00 82.00 149.00 NOTE

Check Details

Version: 0.5.4
Check: for GNU extensions in Makefiles
Result: NOTE
    GNU make is a SystemRequirements.
Flavors: r-devel-linux-x86_64-debian-clang, r-devel-linux-x86_64-debian-gcc, r-devel-linux-x86_64-fedora-clang, r-devel-linux-x86_64-fedora-gcc, r-devel-windows-x86_64, r-patched-linux-x86_64, r-release-linux-x86_64, r-release-macos-arm64, r-release-macos-x86_64, r-release-windows-x86_64, r-oldrel-macos-arm64, r-oldrel-macos-x86_64, r-oldrel-windows-ix86+x86_64