CRAN Package Check Results for Package ECOSolveR

Last updated on 2020-05-29 17:49:03 CEST.

Flavor Version Tinstall Tcheck Ttotal Status Flags
r-devel-linux-x86_64-debian-clang 0.5.3 14.90 34.14 49.04 NOTE
r-devel-linux-x86_64-debian-gcc 0.5.3 9.71 27.01 36.72 NOTE
r-devel-linux-x86_64-fedora-clang 0.5.3 62.99 NOTE
r-devel-linux-x86_64-fedora-gcc 0.5.3 56.31 NOTE
r-devel-windows-ix86+x86_64 0.5.3 84.00 92.00 176.00 NOTE
r-patched-linux-x86_64 0.5.3 10.30 34.42 44.72 NOTE
r-patched-solaris-x86 0.5.3 95.20 NOTE
r-release-linux-x86_64 0.5.3 10.92 33.69 44.61 NOTE
r-release-osx-x86_64 0.5.3 NOTE
r-release-windows-ix86+x86_64 0.5.3 56.00 64.00 120.00 NOTE
r-oldrel-osx-x86_64 0.5.3 NOTE
r-oldrel-windows-ix86+x86_64 0.5.3 84.00 65.00 149.00 NOTE

Check Details

Version: 0.5.3
Check: for GNU extensions in Makefiles
Result: NOTE
    GNU make is a SystemRequirements.
Flavors: r-devel-linux-x86_64-debian-clang, r-devel-linux-x86_64-debian-gcc, r-devel-linux-x86_64-fedora-clang, r-devel-linux-x86_64-fedora-gcc, r-devel-windows-ix86+x86_64, r-patched-linux-x86_64, r-patched-solaris-x86, r-release-linux-x86_64, r-release-osx-x86_64, r-release-windows-ix86+x86_64, r-oldrel-osx-x86_64, r-oldrel-windows-ix86+x86_64