CRAN Package Check Results for Package ECOTOXr

Last updated on 2022-05-21 03:55:00 CEST.

Flavor Version Tinstall Tcheck Ttotal Status Flags
r-devel-linux-x86_64-debian-clang 0.1.1 5.80 57.81 63.61 OK
r-devel-linux-x86_64-debian-gcc 0.1.1 4.73 44.74 49.47 OK
r-devel-linux-x86_64-fedora-clang 0.1.1 77.36 NOTE
r-devel-linux-x86_64-fedora-gcc 0.1.1 77.21 NOTE
r-devel-windows-x86_64 0.1.1 13.00 76.00 89.00 OK
r-patched-linux-x86_64 0.1.1 4.77 55.71 60.48 OK
r-release-linux-x86_64 0.1.1 4.91 55.22 60.13 OK
r-release-macos-arm64 0.1.1 20.00 NOTE
r-release-macos-x86_64 0.1.1 45.00 NOTE
r-release-windows-x86_64 0.1.1 12.00 78.00 90.00 OK
r-oldrel-macos-arm64 0.1.1 23.00 NOTE
r-oldrel-macos-x86_64 0.1.1 32.00 NOTE
r-oldrel-windows-ix86+x86_64 0.1.1 15.00 70.00 85.00 OK

Check Details

Version: 0.1.1
Check: dependencies in R code
Result: NOTE
    Namespace in Imports field not imported from: ‘dplyr’
     All declared Imports should be used.
Flavors: r-devel-linux-x86_64-fedora-clang, r-devel-linux-x86_64-fedora-gcc, r-release-macos-arm64, r-release-macos-x86_64, r-oldrel-macos-arm64, r-oldrel-macos-x86_64

Version: 0.1.1
Check: Rd cross-references
Result: NOTE
    Undeclared package ‘DBI’ in Rd xrefs
Flavor: r-devel-linux-x86_64-fedora-clang