CRAN Package Check Results for Package ECTTDNN

Last updated on 2024-03-04 17:50:51 CET.

Flavor Version Tinstall Tcheck Ttotal Status Flags
r-devel-linux-x86_64-debian-clang 0.1.0 6.30 68.07 74.37 NOTE
r-devel-linux-x86_64-debian-gcc 0.1.0 5.89 50.88 56.77 NOTE
r-devel-linux-x86_64-fedora-clang 0.1.0 95.60 NOTE
r-devel-linux-x86_64-fedora-gcc 0.1.0 96.93 NOTE
r-devel-windows-x86_64 0.1.0 7.00 66.00 73.00 NOTE
r-patched-linux-x86_64 0.1.0 5.24 65.47 70.71 NOTE
r-release-linux-x86_64 0.1.0 4.83 65.37 70.20 NOTE
r-release-macos-arm64 0.1.0 33.00 NOTE
r-release-macos-x86_64 0.1.0 47.00 NOTE
r-release-windows-x86_64 0.1.0 12.00 75.00 87.00 NOTE
r-oldrel-macos-arm64 0.1.0 29.00 NOTE
r-oldrel-windows-x86_64 0.1.0 10.00 84.00 94.00 NOTE

Check Details

Version: 0.1.0
Check: LazyData
Result: NOTE 'LazyData' is specified without a 'data' directory Flavors: r-devel-linux-x86_64-debian-clang, r-devel-linux-x86_64-debian-gcc, r-devel-linux-x86_64-fedora-clang, r-devel-linux-x86_64-fedora-gcc, r-devel-windows-x86_64, r-patched-linux-x86_64, r-release-linux-x86_64, r-release-macos-arm64, r-release-macos-x86_64, r-release-windows-x86_64, r-oldrel-macos-arm64, r-oldrel-windows-x86_64