CRAN Package Check Results for Package ECoL

Last updated on 2020-02-24 15:47:52 CET.

Flavor Version Tinstall Tcheck Ttotal Status Flags
r-devel-linux-x86_64-debian-clang 0.3.0 2.76 46.55 49.31 OK
r-devel-linux-x86_64-debian-gcc 0.3.0 2.42 34.57 36.99 OK
r-devel-linux-x86_64-fedora-clang 0.3.0 61.88 OK
r-devel-linux-x86_64-fedora-gcc 0.3.0 57.30 OK
r-devel-windows-ix86+x86_64 0.3.0 6.00 58.00 64.00 OK
r-devel-windows-ix86+x86_64-gcc8 0.3.0 11.00 79.00 90.00 OK
r-patched-linux-x86_64 0.3.0 OK
r-patched-solaris-x86 0.3.0 70.70 OK
r-release-linux-x86_64 0.3.0 2.51 40.05 42.56 OK
r-release-windows-ix86+x86_64 0.3.0 4.00 59.00 63.00 OK
r-release-osx-x86_64 0.3.0 OK
r-oldrel-windows-ix86+x86_64 0.3.0 5.00 52.00 57.00 ERROR
r-oldrel-osx-x86_64 0.3.0 ERROR

Check Details

Version: 0.3.0
Check: tests
Result: ERROR
     Running 'testthat.R' [14s]
    Running the tests in 'tests/testthat.R' failed.
    Complete output:
     > library(testthat)
     > library(ECoL)
     >
     > test_check("ECoL")
     -- 1. Failure: multiclass.result (@test_linearity.R#13) -----------------------
     as.numeric(aux$L3) not equal to 0.01.
     1/1 mismatches
     [1] 0.00667 - 0.01 == -0.00333
    
     -- 2. Failure: multiclass.result (@test_neighborhood.R#16) --------------------
     as.numeric(aux$N4) not equal to 0.00666667.
     1/1 mismatches
     [1] 0.0133 - 0.00667 == 0.00667
    
     == testthat results ===========================================================
     [ OK: 97 | SKIPPED: 0 | WARNINGS: 0 | FAILED: 2 ]
     1. Failure: multiclass.result (@test_linearity.R#13)
     2. Failure: multiclass.result (@test_neighborhood.R#16)
    
     Error: testthat unit tests failed
     Execution halted
Flavor: r-oldrel-windows-ix86+x86_64

Version: 0.3.0
Check: tests
Result: ERROR
     Running ‘testthat.R’ [11s/11s]
    Running the tests in ‘tests/testthat.R’ failed.
    Last 13 lines of output:
     1/1 mismatches
     [1] 0.00667 - 0.01 == -0.00333
    
     ── 2. Failure: multiclass.result (@test_neighborhood.R#16) ────────────────────
     as.numeric(aux$N4) not equal to 0.00666667.
     1/1 mismatches
     [1] 0.0133 - 0.00667 == 0.00667
    
     ══ testthat results ═══════════════════════════════════════════════════════════
     [ OK: 97 | SKIPPED: 0 | WARNINGS: 0 | FAILED: 2 ]
     1. Failure: multiclass.result (@test_linearity.R#13)
     2. Failure: multiclass.result (@test_neighborhood.R#16)
    
     Error: testthat unit tests failed
     Execution halted
Flavor: r-oldrel-osx-x86_64