CRAN Package Check Results for Package ECoL

Last updated on 2022-11-29 04:52:28 CET.

Flavor Version Tinstall Tcheck Ttotal Status Flags
r-devel-linux-x86_64-debian-clang 0.3.0 3.06 51.32 54.38 NOTE
r-devel-linux-x86_64-debian-gcc 0.3.0 2.67 38.49 41.16 NOTE
r-devel-linux-x86_64-fedora-clang 0.3.0 78.85 NOTE
r-devel-linux-x86_64-fedora-gcc 0.3.0 79.09 NOTE
r-devel-windows-x86_64 0.3.0 20.00 80.00 100.00 NOTE
r-patched-linux-x86_64 0.3.0 3.72 49.70 53.42 NOTE
r-release-linux-x86_64 0.3.0 2.74 48.85 51.59 NOTE
r-release-macos-arm64 0.3.0 20.00 NOTE
r-release-macos-x86_64 0.3.0 31.00 NOTE
r-release-windows-x86_64 0.3.0 28.00 81.00 109.00 NOTE
r-oldrel-macos-arm64 0.3.0 26.00 NOTE
r-oldrel-macos-x86_64 0.3.0 39.00 NOTE
r-oldrel-windows-ix86+x86_64 0.3.0 7.00 78.00 85.00 NOTE

Check Details

Version: 0.3.0
Check: LazyData
Result: NOTE
     'LazyData' is specified without a 'data' directory
Flavors: r-devel-linux-x86_64-debian-clang, r-devel-linux-x86_64-debian-gcc, r-devel-linux-x86_64-fedora-clang, r-devel-linux-x86_64-fedora-gcc, r-devel-windows-x86_64, r-patched-linux-x86_64, r-release-linux-x86_64, r-release-macos-arm64, r-release-macos-x86_64, r-release-windows-x86_64, r-oldrel-macos-arm64, r-oldrel-macos-x86_64, r-oldrel-windows-ix86+x86_64