Last updated on 2023-09-28 12:59:13 CEST.
Flavor | Version | Tinstall | Tcheck | Ttotal | Status | Flags |
---|---|---|---|---|---|---|
r-devel-linux-x86_64-debian-clang | 0.3.0 | 3.15 | 52.61 | 55.76 | NOTE | |
r-devel-linux-x86_64-debian-gcc | 0.3.0 | 2.37 | 39.44 | 41.81 | NOTE | |
r-devel-linux-x86_64-fedora-clang | 0.3.0 | 67.15 | NOTE | |||
r-devel-linux-x86_64-fedora-gcc | 0.3.0 | 64.58 | NOTE | |||
r-devel-windows-x86_64 | 0.3.0 | 4.00 | 59.00 | 63.00 | NOTE | |
r-patched-linux-x86_64 | 0.3.0 | 3.61 | 50.76 | 54.37 | NOTE | |
r-release-linux-x86_64 | 0.3.0 | 3.84 | 50.17 | 54.01 | NOTE | |
r-release-macos-arm64 | 0.3.0 | 24.00 | NOTE | |||
r-release-macos-x86_64 | 0.3.0 | 34.00 | NOTE | |||
r-release-windows-x86_64 | 0.3.0 | 6.00 | 68.00 | 74.00 | NOTE | |
r-oldrel-macos-arm64 | 0.3.0 | 23.00 | NOTE | |||
r-oldrel-macos-x86_64 | 0.3.0 | 31.00 | NOTE | |||
r-oldrel-windows-x86_64 | 0.3.0 | 4.00 | 100.00 | 104.00 | NOTE |
Version: 0.3.0
Check: LazyData
Result: NOTE
'LazyData' is specified without a 'data' directory
Flavors: r-devel-linux-x86_64-debian-clang, r-devel-linux-x86_64-debian-gcc, r-devel-linux-x86_64-fedora-clang, r-devel-linux-x86_64-fedora-gcc, r-devel-windows-x86_64, r-patched-linux-x86_64, r-release-linux-x86_64, r-release-macos-arm64, r-release-macos-x86_64, r-release-windows-x86_64, r-oldrel-macos-arm64, r-oldrel-macos-x86_64, r-oldrel-windows-x86_64