CRAN Package Check Results for Package EDMeasure

Last updated on 2022-05-26 21:50:05 CEST.

Flavor Version Tinstall Tcheck Ttotal Status Flags
r-devel-linux-x86_64-debian-clang 1.2.0 7.38 48.79 56.17 NOTE
r-devel-linux-x86_64-debian-gcc 1.2.0 5.92 41.37 47.29 NOTE
r-devel-linux-x86_64-fedora-clang 1.2.0 69.01 NOTE
r-devel-linux-x86_64-fedora-gcc 1.2.0 64.92 NOTE
r-devel-windows-x86_64 1.2.0 33.00 67.00 100.00 NOTE
r-patched-linux-x86_64 1.2.0 6.16 45.94 52.10 NOTE
r-release-linux-x86_64 1.2.0 7.50 46.27 53.77 NOTE
r-release-macos-arm64 1.2.0 23.00 NOTE
r-release-macos-x86_64 1.2.0 29.00 NOTE
r-release-windows-x86_64 1.2.0 29.00 69.00 98.00 NOTE
r-oldrel-macos-arm64 1.2.0 24.00 NOTE
r-oldrel-macos-x86_64 1.2.0 37.00 NOTE
r-oldrel-windows-ix86+x86_64 1.2.0 20.00 77.00 97.00 NOTE

Check Details

Version: 1.2.0
Check: LazyData
Result: NOTE
     'LazyData' is specified without a 'data' directory
Flavors: r-devel-linux-x86_64-debian-clang, r-devel-linux-x86_64-debian-gcc, r-devel-linux-x86_64-fedora-clang, r-devel-linux-x86_64-fedora-gcc, r-devel-windows-x86_64, r-patched-linux-x86_64, r-release-linux-x86_64, r-release-macos-arm64, r-release-macos-x86_64, r-release-windows-x86_64, r-oldrel-macos-arm64, r-oldrel-macos-x86_64, r-oldrel-windows-ix86+x86_64